{"id":137,"date":"2018-03-05T01:34:33","date_gmt":"2018-03-05T00:34:33","guid":{"rendered":"http:\/\/centaur2.ue.poznan.pl\/mgorynia\/?page_id=137"},"modified":"2018-03-30T21:16:17","modified_gmt":"2018-03-30T19:16:17","slug":"kalendarium","status":"publish","type":"page","link":"https:\/\/mariangorynia.pl\/?page_id=137","title":{"rendered":"Kalendarium"},"content":{"rendered":"<h1 style=\"text-align: center;\"><span style=\"color: #000000;\"><b>Marian Gorynia<\/b><\/span><\/h1>\n<p style=\"text-align: center;\"><span style=\"color: #000000;\">Urodzony 7.10. 1956<\/span><br \/>\n<span style=\"color: #000000;\"> \u017bonaty, troje dzieci<\/span><\/p>\n<p>&nbsp;<\/p>\n<h3><span style=\"color: #000000;\">Problematyka badawcza:<\/span><\/h3>\n<ul>\n<li><span style=\"color: #000000;\">konkurencyjno\u015b\u0107 przedsi\u0119biorstwa,<\/span><\/li>\n<li><span style=\"color: #000000;\">strategie przedsi\u0119biorstw w biznesie mi\u0119dzynarodowym,<\/span><\/li>\n<li><span style=\"color: #000000;\">strategie inwestor\u00f3w zagranicznych w Polsce,<\/span><\/li>\n<li><span style=\"color: #000000;\">ekspansja firm polskich na rynki mi\u0119dzynarodowe,<\/span><\/li>\n<li><span style=\"color: #000000;\">mezoekonomia,<\/span><\/li>\n<li><span style=\"color: #000000;\">polityka wspierania konkurencyjno\u015bci.<\/span><\/li>\n<\/ul>\n<h2><\/h2>\n<h2><span style=\"color: #000000;\"><b>Wykszta\u0142cenie, stopnie i tytu\u0142y<\/b><\/span><\/h2>\n<ul>\n<li><span style=\"color: #000000;\">1971 &#8211; 1975 &#8211; Liceum Og\u00f3lnokszta\u0142c\u0105ce w Gostyniu<\/span><\/li>\n<li><span style=\"color: #000000;\">1975 &#8211; 1980 &#8211; studia w Akademii Ekonomicznej w Poznaniu na kierunku Ekonomika i Organizacja Handlu Zagranicznego, tytu\u0142 zawodowy magister<\/span><\/li>\n<li><span style=\"color: #000000;\">1980 &#8211; 1983 &#8211; studia doktoranckie w Akademii Ekonomicznej w Poznaniu<\/span><\/li>\n<li><span style=\"color: #000000;\">1985 &#8211; obrona doktoratu, tytu\u0142 pracy doktorskiej &#8222;Czynnik organizacji w zarz\u0105dzaniu dzia\u0142alno\u015bci\u0105 eksportow\u0105 producenta&#8221;, stopie\u0144 naukowy doktora nauk ekonomicznych (18 czerwca 1985)<\/span><\/li>\n<li><span style=\"color: #000000;\">1995 &#8211; habilitacja, tytu\u0142 pracy habilitacyjnej &#8222;Teoria i polityka regulacji mezosystem\u00f3w gospodarczych a transformacja post-socjalistycznej gospodarki polskiej&#8221;, stopie\u0144 naukowy doktora habilitowanego nauk ekonomicznych (7 lipca 1995)<\/span><\/li>\n<li><span style=\"color: #000000;\">2000 &#8211; tytu\u0142 naukowy profesora nauk ekonomicznych<\/span><\/li>\n<\/ul>\n","protected":false},"excerpt":{"rendered":"<p>Marian Gorynia Urodzony 7.10. 1956 \u017bonaty, troje dzieci &nbsp; Problematyka badawcza: konkurencyjno\u015b\u0107 przedsi\u0119biorstwa, strategie przedsi\u0119biorstw w biznesie mi\u0119dzynarodowym, strategie inwestor\u00f3w zagranicznych w Polsce, ekspansja firm polskich na rynki mi\u0119dzynarodowe, mezoekonomia, polityka wspierania konkurencyjno\u015bci. Wykszta\u0142cenie, stopnie i tytu\u0142y 1971 &#8211; 1975&hellip;&nbsp;<a href=\"https:\/\/mariangorynia.pl\/?page_id=137\" class=\"more-link\">Read More<\/a><\/p>\n","protected":false},"author":1,"featured_media":0,"parent":0,"menu_order":0,"comment_status":"closed","ping_status":"closed","template":"","meta":{"footnotes":""},"class_list":["post-137","page","type-page","status-publish","hentry"],"_links":{"self":[{"href":"https:\/\/mariangorynia.pl\/index.php?rest_route=\/wp\/v2\/pages\/137"}],"collection":[{"href":"https:\/\/mariangorynia.pl\/index.php?rest_route=\/wp\/v2\/pages"}],"about":[{"href":"https:\/\/mariangorynia.pl\/index.php?rest_route=\/wp\/v2\/types\/page"}],"author":[{"embeddable":true,"href":"https:\/\/mariangorynia.pl\/index.php?rest_route=\/wp\/v2\/users\/1"}],"replies":[{"embeddable":true,"href":"https:\/\/mariangorynia.pl\/index.php?rest_route=%2Fwp%2Fv2%2Fcomments&post=137"}],"version-history":[{"count":6,"href":"https:\/\/mariangorynia.pl\/index.php?rest_route=\/wp\/v2\/pages\/137\/revisions"}],"predecessor-version":[{"id":346,"href":"https:\/\/mariangorynia.pl\/index.php?rest_route=\/wp\/v2\/pages\/137\/revisions\/346"}],"wp:attachment":[{"href":"https:\/\/mariangorynia.pl\/index.php?rest_route=%2Fwp%2Fv2%2Fmedia&parent=137"}],"curies":[{"name":"wp","href":"https:\/\/api.w.org\/{rel}","templated":true}]}}