{"id":142,"date":"2018-03-05T01:34:33","date_gmt":"2018-03-05T00:34:33","guid":{"rendered":"http:\/\/centaur2.ue.poznan.pl\/mgorynia\/?page_id=142"},"modified":"2024-11-04T10:20:24","modified_gmt":"2024-11-04T09:20:24","slug":"prywatnie","status":"publish","type":"page","link":"https:\/\/mariangorynia.pl\/?page_id=142","title":{"rendered":"Prywatnie"},"content":{"rendered":"<h2><span style=\"color: #000000;\">Rodzina<\/span><\/h2>\n<hr \/>\n<p style=\"text-align: left;\"><span style=\"color: #000000;\">\u017bona\u00a0<b>Gra\u017cyna<\/b>\u00a0&#8211; absolwentka filologii germa\u0144skiej na UAM w Poznaniu<\/span><\/p>\n<hr \/>\n<p style=\"text-align: left;\"><span style=\"color: #000000;\">C\u00f3rka <b>Natalia<\/b> &#8211; absolwentka stosunk\u00f3w mi\u0119dzynarodowych na Uniwersytecie Ekonomicznym w Poznaniu\u00a0\u00a0<\/span><\/p>\n<hr \/>\n<p style=\"text-align: left;\">\u00a0<span style=\"color: #000000;\">Syn\u00a0<b>Marcin<\/b>\u00a0&#8211; absolwent politologii na UAM w Poznaniu<\/span><\/p>\n<hr \/>\n<p style=\"text-align: left;\"><span style=\"color: #000000;\">C\u00f3rka\u00a0<b>Julia<\/b>\u00a0&#8211; absolwentka turystyki i rekreacji na UAM w Poznaniu<\/span><\/p>\n\n\n<hr class=\"wp-block-separator has-css-opacity\"\/>\n\n\n\n<h2 class=\"wp-block-heading\"><a href=\"https:\/\/mariangorynia.pl\/?page_id=8469\">Podr\u00f3\u017ce<\/a><\/h2>\n\n\n\n<h2 class=\"wp-block-heading\"><a href=\"https:\/\/mariangorynia.pl\/?page_id=8473\">Ogr\u00f3d<\/a><\/h2>\n\n\n\n<h2 class=\"wp-block-heading\"><a href=\"https:\/\/mariangorynia.pl\/?page_id=64\">Sport<\/a><\/h2>\n\n\n\n<hr class=\"wp-block-separator has-css-opacity\"\/>\n\n\n\n<p><\/p>\n","protected":false},"excerpt":{"rendered":"<p>Rodzina \u017bona\u00a0Gra\u017cyna\u00a0&#8211; absolwentka filologii germa\u0144skiej na UAM w Poznaniu C\u00f3rka Natalia &#8211; absolwentka stosunk\u00f3w mi\u0119dzynarodowych na Uniwersytecie Ekonomicznym w Poznaniu\u00a0\u00a0 \u00a0Syn\u00a0Marcin\u00a0&#8211; absolwent politologii na UAM w Poznaniu C\u00f3rka\u00a0Julia\u00a0&#8211; absolwentka turystyki i rekreacji na UAM w Poznaniu Podr\u00f3\u017ce Ogr\u00f3d Sport<\/p>\n","protected":false},"author":1,"featured_media":0,"parent":0,"menu_order":0,"comment_status":"closed","ping_status":"closed","template":"","meta":{"footnotes":""},"class_list":["post-142","page","type-page","status-publish","hentry"],"_links":{"self":[{"href":"https:\/\/mariangorynia.pl\/index.php?rest_route=\/wp\/v2\/pages\/142"}],"collection":[{"href":"https:\/\/mariangorynia.pl\/index.php?rest_route=\/wp\/v2\/pages"}],"about":[{"href":"https:\/\/mariangorynia.pl\/index.php?rest_route=\/wp\/v2\/types\/page"}],"author":[{"embeddable":true,"href":"https:\/\/mariangorynia.pl\/index.php?rest_route=\/wp\/v2\/users\/1"}],"replies":[{"embeddable":true,"href":"https:\/\/mariangorynia.pl\/index.php?rest_route=%2Fwp%2Fv2%2Fcomments&post=142"}],"version-history":[{"count":17,"href":"https:\/\/mariangorynia.pl\/index.php?rest_route=\/wp\/v2\/pages\/142\/revisions"}],"predecessor-version":[{"id":8478,"href":"https:\/\/mariangorynia.pl\/index.php?rest_route=\/wp\/v2\/pages\/142\/revisions\/8478"}],"wp:attachment":[{"href":"https:\/\/mariangorynia.pl\/index.php?rest_route=%2Fwp%2Fv2%2Fmedia&parent=142"}],"curies":[{"name":"wp","href":"https:\/\/api.w.org\/{rel}","templated":true}]}}