{"id":146,"date":"2018-03-05T01:34:33","date_gmt":"2018-03-05T00:34:33","guid":{"rendered":"http:\/\/centaur2.ue.poznan.pl\/mgorynia\/?page_id=146"},"modified":"2026-04-24T08:32:11","modified_gmt":"2026-04-24T06:32:11","slug":"nagrody-i-wyroznienia","status":"publish","type":"page","link":"https:\/\/mariangorynia.pl\/?page_id=146","title":{"rendered":"Nagrody i wyr\u00f3\u017cnienia"},"content":{"rendered":"<h2><span style=\"color: #000000;\"><strong>G\u0142\u00f3wne nagrody i wyr\u00f3\u017cnienia:<\/strong><\/span><\/h2>\n<ul>\n<li><span style=\"color: #000000;\"><strong>2026<\/strong> &#8211; laureat plebiscytu G\u0142osu Wielkopolskiego &#8211; Osobowo\u015b\u0107 Roku 2025 w kategorii Nauka,<\/span><\/li>\n<li><span style=\"color: #000000;\"><strong>2026<\/strong> &#8211; Nagroda Kopernika Ekonomisty,<\/span><\/li>\n<li><span style=\"color: #000000;\"><strong>2026<\/strong> &#8211; Nagroda Ministra Nauki i Szkolnictwa Wy\u017cszego za ca\u0142okszta\u0142t dorobku,<\/span><\/li>\n<li><span style=\"color: #000000;\"><strong>2023<\/strong> &#8211; Nagroda Kolegium Nauk o Przedsi\u0119biorstwie SGH za najlepsz\u0105 prac\u0119 z zakresu nauk o przedsi\u0119biorstwie za monografi\u0119 \u201ePrzedsi\u0119biorstwo w biznesie mi\u0119dzynarodowym. Aspekty ekonomiczne, finansowe i mened\u017cerskie\u201d,<\/span><\/li>\n<li><span style=\"color: #000000;\"><strong>2022<\/strong> &#8211; Nagroda Premiera &#8211; Laureat Nagrody PRM w roku 2022 &#8211; edycja XXIX,<\/span><\/li>\n<li><span style=\"color: #000000;\"><strong>2021<\/strong> &#8211; Polska Nagroda Inteligentnego Rozwoju w kategorii: &#8222;Naukowiec przysz\u0142o\u015bci&#8221; za realizacj\u0119 projekt\u00f3w: \u201eMi\u0119dzynarodowa konkurencyjno\u015b\u0107 polskich przedsi\u0119biorstw w okresie prosperity i globalnego kryzysu gospodarczego\u201d, \u201eStrategie firm polskich wobec wyj\u015bcia Wielkiej Brytanii z Unii Europejskiej\u201d,<\/span><\/li>\n<li><span style=\"color: #000000;\"><strong>2021<\/strong> &#8211; Nagroda Ministra Edukacji i Nauki za znacz\u0105ce osi\u0105gni\u0119cia w zakresie dzia\u0142alno\u015bci organizacyjnej w kadencji 2017-2020,<\/span><\/li>\n<li><span style=\"color: #000000;\"><strong>2019<\/strong> &#8211; Platynowy Laur w kategorii \u201eNauka i innowacyjno\u015b\u0107\u201d wyr\u00f3\u017cnienie przyznane przez Regionaln\u0105 Izb\u0119 Gospodarcz\u0105 w Katowicach,<\/span><\/li>\n<li><span style=\"color: #000000;\"><strong>2019<\/strong> &#8211; Victoria Parlamentu Studenckiego UEP &#8211; w kategorii: <em>\u201eThe Best\u201d, czyli Mentor Wydzia\u0142u Gospodarki Mi\u0119dzynarodowej,<\/em><\/span><\/li>\n<li><span style=\"color: #000000;\"><strong>2018<\/strong> &#8211; Victoria Parlamentu Studenckiego UEP &#8211; w kategorii: <em>&#8222;Jestem Legend\u0105&#8221;, czyli Mentor Wydzia\u0142u Gospodarki Mi\u0119dzynarodowej,<\/em><\/span><\/li>\n<li><span style=\"color: #000000;\"><strong>2017<\/strong> &#8211; Victoria Parlamentu Studenckiego UEP &#8211; w kategorii: <em>&#8222;Pi\u0119kny Umys\u0142&#8221;, czyli Mentor Wydzia\u0142u Gospodarki Mi\u0119dzynarodowej,<\/em><\/span><\/li>\n<li><span style=\"color: #000000;\"><strong>2016<\/strong> &#8211; Nagroda indywidualna II stopnia Ministra Nauki i Szkolnictwa Wy\u017cszego za osi\u0105gni\u0119cia organizacyjne,<\/span><\/li>\n<li><span style=\"color: #000000;\"><strong>2015<\/strong> &#8211; Nagroda indywidualna II stopnia Ministra Nauki i Szkolnictwa Wy\u017cszego za osi\u0105gni\u0119cia organizacyjne,<\/span><\/li>\n<li><span style=\"color: #000000;\"><strong>2014<\/strong> &#8211; Nagroda indywidualna II stopnia Ministra Nauki i Szkolnictwa Wy\u017cszego za osi\u0105gni\u0119cia organizacyjne,<\/span><\/li>\n<li><span style=\"color: #000000;\"><strong>2013<\/strong> &#8211; Nagroda Wiceprezesa Rady Ministr\u00f3w, Ministra Gospodarki za szczeg\u00f3lne osi\u0105gni\u0119cia w dzia\u0142alno\u015bci proeksportowej,<\/span><\/li>\n<li><span style=\"color: #000000;\"><strong>2013<\/strong> &#8211; Nagroda indywidualna II stopnia Ministra Nauki i Szkolnictwa Wy\u017cszego za osi\u0105gni\u0119cia organizacyjne,<\/span><\/li>\n<li><span style=\"color: #000000;\"><strong>2012<\/strong> &#8211; Nagroda zespo\u0142owa Ministra Nauki i Szkolnictwa Wy\u017cszego za ksi\u0105\u017ck\u0119 M. Gorynia i B. Jankowska (redakcja naukowa), M. Dzikowska, M. Pietrzykowski, P. Tarka pt. &#8222;<em>Wej\u015bcie Polski do strefy euro a mi\u0119dzynarodowa konkurencyjno\u015b\u0107 i internacjonalizacja polskich przedsi\u0119biorstw<\/em>&#8222;,<\/span><\/li>\n<li><span style=\"color: #000000;\"><strong>2012<\/strong> &#8211; Nagroda indywidualna II stopnia Ministra Nauki i Szkolnictwa Wy\u017cszego za osi\u0105gni\u0119cia organizacyjne,<\/span><\/li>\n<li><span style=\"color: #000000;\"><strong>2011<\/strong> &#8211; Nagroda indywidualna I stopnia Ministra Nauki i Szkolnictwa Wy\u017cszego za osi\u0105gni\u0119cia organizacyjne,<\/span><\/li>\n<li><span style=\"color: #000000;\"><strong>2010 <\/strong>&#8211; Nagroda indywidualna I stopnia Ministra Nauki i Szkolnictwa Wy\u017cszego za osi\u0105gni\u0119cia organizacyjne,<\/span><\/li>\n<li><span style=\"color: #000000;\"><strong>2009<\/strong> &#8211; Nagroda Polskiego Towarzystwa Ekonomicznego im. prof. Edwarda Lipi\u0144skiego za ksi\u0105\u017ck\u0119 pt. &#8222;<em>Strategie zagranicznej ekspansji przedsi\u0119biorstw<\/em>&#8222;,<\/span><\/li>\n<li><span style=\"color: #000000;\"><strong>2009<\/strong> &#8211; Nagroda indywidualna II stopnia Ministra Nauki i Szkolnictwa Wy\u017cszego za osi\u0105gni\u0119cia organizacyjne,<\/span><\/li>\n<li><span style=\"color: #000000;\"><strong>2008<\/strong> &#8211; Nagroda indywidualna I stopnia Ministra Nauki i Szkolnictwa Wy\u017cszego za ksi\u0105\u017ck\u0119 pt. &#8222;<em>Strategie zagranicznej ekspansji przedsi\u0119biorstw<\/em>&#8222;,<\/span><\/li>\n<li><span style=\"color: #000000;\"><strong>2006 <\/strong>&#8211; Nagroda zespo\u0142owa Ministra Nauki i Szkolnictwa Wy\u017cszego za ksi\u0105\u017ck\u0119 M. Gorynia (redakcja naukowa), M. Bartosik-Purgat, B. Jankowska, R. Owczarzak pt. &#8222;<em>Strategie firm polskich wobec ekspansji inwestor\u00f3w zagranicznych<\/em>&#8222;,<\/span><\/li>\n<li><span style=\"color: #000000;\"><strong>2004 <\/strong>&#8211; Nagroda Komitetu Nauk Organizacji i Zarz\u0105dzania Polskiej Akademii Nauk za redakcj\u0119 naukow\u0105 monografii-pracy zbiorowej pt. &#8222;<em>Luka konkurencyjna na poziomie przedsi\u0119biorstwa a przyst\u0105pienie Polski do Unii Europejskiej<\/em>&#8222;,<\/span><\/li>\n<li><span style=\"color: #000000;\"><strong>2003 <\/strong>&#8211; Nagroda zespo\u0142owa Ministra Edukacji Narodowej i Sportu za ksi\u0105\u017ck\u0119 M. Gorynia (redakcja naukowa), &#8222;<em>Luka konkurencyjna na poziomie przedsi\u0119biorstwa a przyst\u0105pienie Polski do Unii Europejskiej<\/em>&#8222;,<\/span><\/li>\n<li><span style=\"color: #000000;\"><strong>2001<\/strong> &#8211; Nagroda zespo\u0142owa Ministra Edukacji Narodowej za ksi\u0105\u017ck\u0119 K. Fonfara, M. Gorynia (redakcja naukowa), E. Najlepszy, J. Schroeder pt. &#8222;<em>Strategie przedsi\u0119biorstw w biznesie mi\u0119dzynarodowym<\/em>&#8222;,<\/span><\/li>\n<li><span style=\"color: #000000;\"><strong>1999<\/strong> &#8211; Nagroda PAN w dziedzinie ekonomii im. Fryderyka Skarbka za ksi\u0105\u017ck\u0119 pt. &#8222;<em>Zachowania przedsi\u0119biorstw w okresie transformacji. Mikroekonomia przej\u015bcia<\/em>&#8222;,<\/span><\/li>\n<li><span style=\"color: #000000;\"><strong>1999<\/strong> &#8211; Nagroda indywidualna Ministra Edukacji Narodowej za ksi\u0105\u017ck\u0119 pt. &#8222;<em>Zachowania przedsi\u0119biorstw w okresie transformacji. Mikroekonomia przej\u015bcia<\/em>&#8222;,<\/span><\/li>\n<li><span style=\"color: #000000;\"><strong>1996 <\/strong>&#8211; Nagroda indywidualna Ministra Edukacji Narodowej za prac\u0119 habilitacyjn\u0105 pt. &#8222;<em>Teoria i polityka regulacji mezosystem\u00f3w gospodarczych a transformacja post-socjalistycznej gospodarki polskiej<\/em>&#8222;.<\/span><\/li>\n<\/ul>\n","protected":false},"excerpt":{"rendered":"<p>G\u0142\u00f3wne nagrody i wyr\u00f3\u017cnienia: 2026 &#8211; laureat plebiscytu G\u0142osu Wielkopolskiego &#8211; Osobowo\u015b\u0107 Roku 2025 w kategorii Nauka, 2026 &#8211; Nagroda Kopernika Ekonomisty, 2026 &#8211; Nagroda Ministra Nauki i Szkolnictwa Wy\u017cszego za ca\u0142okszta\u0142t dorobku, 2023 &#8211; Nagroda Kolegium Nauk o Przedsi\u0119biorstwie&hellip;&nbsp;<a href=\"https:\/\/mariangorynia.pl\/?page_id=146\" class=\"more-link\">Read More<\/a><\/p>\n","protected":false},"author":1,"featured_media":0,"parent":0,"menu_order":0,"comment_status":"closed","ping_status":"closed","template":"","meta":{"footnotes":""},"class_list":["post-146","page","type-page","status-publish","hentry"],"_links":{"self":[{"href":"https:\/\/mariangorynia.pl\/index.php?rest_route=\/wp\/v2\/pages\/146"}],"collection":[{"href":"https:\/\/mariangorynia.pl\/index.php?rest_route=\/wp\/v2\/pages"}],"about":[{"href":"https:\/\/mariangorynia.pl\/index.php?rest_route=\/wp\/v2\/types\/page"}],"author":[{"embeddable":true,"href":"https:\/\/mariangorynia.pl\/index.php?rest_route=\/wp\/v2\/users\/1"}],"replies":[{"embeddable":true,"href":"https:\/\/mariangorynia.pl\/index.php?rest_route=%2Fwp%2Fv2%2Fcomments&post=146"}],"version-history":[{"count":16,"href":"https:\/\/mariangorynia.pl\/index.php?rest_route=\/wp\/v2\/pages\/146\/revisions"}],"predecessor-version":[{"id":9364,"href":"https:\/\/mariangorynia.pl\/index.php?rest_route=\/wp\/v2\/pages\/146\/revisions\/9364"}],"wp:attachment":[{"href":"https:\/\/mariangorynia.pl\/index.php?rest_route=%2Fwp%2Fv2%2Fmedia&parent=146"}],"curies":[{"name":"wp","href":"https:\/\/api.w.org\/{rel}","templated":true}]}}