{"id":154,"date":"2018-03-05T01:34:33","date_gmt":"2018-03-05T00:34:33","guid":{"rendered":"http:\/\/centaur2.ue.poznan.pl\/mgorynia\/?page_id=154"},"modified":"2026-03-19T18:02:57","modified_gmt":"2026-03-19T17:02:57","slug":"inne-publikacje-i-materialy-niepublikowane","status":"publish","type":"page","link":"https:\/\/mariangorynia.pl\/?page_id=154","title":{"rendered":"Inne materia\u0142y oraz materia\u0142y niepublikowane"},"content":{"rendered":"<ul>\n<li><span style=\"color: #000000;\"><span style=\"color: #000000;\">Jolanta Pasionek, <span style=\"color: #0000ff;\"><a style=\"color: #0000ff;\" href=\"https:\/\/mariangorynia.pl\/wp-content\/uploads\/Pasionek_J_2025_rozdzial_14_M_Gorynia-1.pdf\">Marian Gorynia<\/a>, <span style=\"color: #000000;\">rozdzia\u0142 w monografii:\u00a0 Polskie Towarzystwo Ekonomiczne i instytucje poprzedzaj\u0105ce w s\u0142u\u017cbie nauk ekonomicznych, pod red. M. Bochenek, Warszawa: PTE, 2025, s. 547-578. Monografia dost\u0119pna na stronie wydawcy: <span style=\"color: #0000ff;\"><a style=\"color: #0000ff;\" href=\"https:\/\/ksiazkiekonomiczne.pte.pl\/sklep\/wydawnictwa-wlasne\/polskie-towarzystwo-ekonomiczne-i-instytucje-poprzedzajace-w-sluzbie-nauk-ekonomicznych\/\">[TUTAJ]<\/a><\/span><\/span><\/span><\/span><\/span><\/li>\n<li><span style=\"color: #000000;\"><span style=\"color: #000000;\"><span style=\"color: #0000ff;\"><a style=\"color: #0000ff;\" href=\"https:\/\/mariangorynia.pl\/wp-content\/uploads\/11_racji_o_XI_Kongresie_Biuletyn_PTE_2025_65-69.pdf\">11 racji na rzecz organizacji XI Kongresu Ekonomist\u00f3w Polskich &#8211; polscy ekonomi\u015bci o Kongresie<\/a>\u00a0<span style=\"color: #000000;\">artyku\u0142 w Biuletynie PTE, 2025, nr 4, s. 65-69.<\/span><\/span><\/span><\/span><\/li>\n<li><span style=\"color: #000000;\"><span style=\"color: #000000;\">Pawe\u0142 Antuchowski, <span style=\"color: #0000ff;\"><a style=\"color: #0000ff;\" href=\"https:\/\/gloswielkopolski.pl\/wybitni-ekonomisci-maja-plan-ratunkowy-dla-polskiej-gospodarki-uchwalili-deklaracje-poznanska-zaglosuj-w-naszych-sondach\/ar\/c1p2-28252669\">Wybitni ekonomi\u015bci maj\u0105 plan ratunkowy dla polskiej gospodarki. Uchwalili &#8222;Deklaracj\u0119 Pozna\u0144sk\u0105&#8221;<\/a> <span style=\"color: #000000;\">artyku\u0142 w G\u0142osie Wielkopolskim &#8211; wydanie online z dn. 9.12.2025 r.<\/span><\/span><\/span><\/span><\/li>\n<li><span style=\"color: #0000ff;\"><a style=\"color: #0000ff;\" href=\"https:\/\/online.fliphtml5.com\/uniwersytetekonomicznywpoznaniu\/hgue\/#p=8\">Czy nauki mog\u0105 by\u0107 fascynuj\u0105ce? Moja fascynacja naukami ekonomicznymi &#8211; powody i ograniczenia<\/a><\/span>, <span style=\"color: #000000;\">prof. Marian Gorynia, UEP, 2025, 8 s.<\/span><\/li>\n<li><span style=\"color: #000000;\">Gorynia Marian, <span style=\"color: #0000ff;\"><a style=\"color: #0000ff;\" href=\"https:\/\/mariangorynia.pl\/wp-content\/uploads\/Gorynia_M_2024_Domanski_wspomnienie_27-30.pdf\">Profesor Ryszard Doma\u0144ski &#8211; wspomnienie<\/a><\/span> [w:] Nowa Gospodarka Przestrzenna. Monografia dedykowana pami\u0119ci Profesora Ryszarda Doma\u0144skiego, Warszawa: Komitet Przestrzennego Zagospodarowania Kraju PAN, 2024, s. 27-30.<br \/>\nMonografia dost\u0119pna: <strong><span style=\"color: #0000ff;\"><a style=\"color: #0000ff;\" href=\"https:\/\/publikacje.pan.pl\/book\/158254\/nowa-gospodarka-przestrzenna-monografia-dedykowana-pamieci-profesora-ryszarda-domanskiego\">[TUTAJ]<\/a><\/span><\/strong><\/span><\/li>\n<li><span style=\"color: #000000;\"><strong>Raport<\/strong>: <span style=\"color: #0000ff;\"><a style=\"color: #0000ff;\" href=\"https:\/\/mariangorynia.pl\/wp-content\/uploads\/2024_2-Zagrozenia-dla-przedsiebiorstw-sektora-MSP-i-interesu-narodowego-1-1.pdf\">Zagro\u017cenia dla przedsi\u0119biorstw sektora M\u015aP i interesu narodowego w erze cyfryzacji Rekomendacje i dobre praktyki<\/a>, <span style=\"color: #000000;\">oprac. prof. dr hab. Marian Gorynia<\/span><\/span>, dr hab. Joanna Kuczewska, gen. broni (w st. spocz.) dr Andrzej Fa\u0142kowski, dr hab. Krzysztof Pietrusewicz, prof. ZUT [Materia\u0142 przygotowany w ramach prac grupy ds. Identyfikacji zagro\u017ce\u0144 zwi\u0105zanych z cyfryzacj\u0105 Fundacji Platforma Przemys\u0142u Przysz\u0142o\u015bci].<\/span><\/li>\n<li><span style=\"color: #000000;\"><span style=\"color: #000000;\"><span style=\"color: #000000;\"><span style=\"color: #000000;\"><span style=\"color: #000000;\"><span style=\"color: #000000;\"><span style=\"color: #000000;\"><span style=\"color: #000000;\"><a href=\"https:\/\/mariangorynia.pl\/wp-content\/uploads\/20240514_PARKIET_EURO_NIE_SPARALIZOWA_7346826224_74DE8.pdf\"><span style=\"color: #0000ff;\">Gorynia Marian (opinia) <\/span><\/a>w artykule: G. Siemonczyk, Euro nie sparali\u017cowa\u0142oby polskiej gospodarki, jak twierdzi prezes NBP <\/span><\/span><\/span><\/span><\/span><\/span><\/span><\/span><span style=\"color: #000000;\">[Panel Ekonomist\u00f3w], &#8222;Rzeczpospolita&#8221; oraz &#8222;Parkiet&#8221; z dn. 15.05.2024 r., s. 13.<\/span><\/li>\n<li><span style=\"color: #000000;\"><strong>Raport<\/strong>: <a href=\"https:\/\/mariangorynia.pl\/wp-content\/uploads\/2024_1_Identyfikacja-luki-cyfrowej-oraz-zagrozen-1-1-1.pdf\"><span style=\"color: #0000ff;\">Identyfikacja luki cyfrowej oraz zagro\u017ce\u0144 wynikaj\u0105cych z wprowadzania technologii cyfrowych do przedsi\u0119biorstw. Przegl\u0105d mi\u0119dzynarodowy i krajowy<\/span><\/a>, oprac. prof. dr hab. Marian Gorynia, dr hab. Joanna Kuczewska, gen. broni (w st. spocz.) dr Andrzej Fa\u0142kowski, dr hab. Krzysztof Pietrusewicz, prof. ZUT [Materia\u0142 przygotowany w ramach prac grupy ds. Identyfikacji zagro\u017ce\u0144 zwi\u0105zanych z cyfryzacj\u0105 Fundacji Platforma Przemys\u0142u Przysz\u0142o\u015bci].<\/span><\/li>\n<li><span style=\"color: #000000;\"><span style=\"color: #000000;\"><span style=\"color: #000000;\"><span style=\"color: #000000;\"><span style=\"color: #000000;\"><span style=\"color: #000000;\"><span style=\"color: #000000;\"><a href=\"https:\/\/mariangorynia.pl\/wp-content\/uploads\/20240429_RZECZPOSPOLITA_TRAMPOLINA_DO_SUKCES_7342151635_98C04.pdf\"><span style=\"color: #0000ff;\">Gorynia Marian (opinia) <\/span><\/a>w artykule: G. Siemonczyk, Trampolina do sukcesu: cz\u0142onkostwo w UE jest motorem rozwoju gospodarki <\/span><\/span><\/span><\/span><\/span><\/span>[Panel Ekonomist\u00f3w], &#8222;Rzeczpospolita&#8221; z dn. 29.04.2024 r., s. 26.<\/span><\/li>\n<li><span style=\"color: #000000;\"><span style=\"color: #000000;\"><span style=\"color: #000000;\"><span style=\"color: #000000;\"><span style=\"color: #000000;\"><span style=\"color: #000000;\"><a href=\"https:\/\/mariangorynia.pl\/wp-content\/uploads\/20240418_RZECZPOSPOLITA_WIEKSZE_DOTACJE_NIE_7338334967_68D92.pdf\"><span style=\"color: #0000ff;\">Gorynia Marian (opinia) <\/span><\/a>w artykule: G. Siemonczyk, Wi\u0119ksze dotacje nie uzdrowi\u0105 unijnego rolnictwa <\/span><\/span><\/span><\/span><\/span><\/span><span style=\"color: #000000;\">[Panel Ekonomist\u00f3w], &#8222;Rzeczpospolita&#8221; z dn. 19.04.2024 r., s. 19.<\/span><\/li>\n<li><span style=\"color: #000000;\">Publikacja po\u015bwi\u0119cona uroczysto\u015bci nadania tytu\u0142u doktora honoris causa Uniwersytetu Ekonomicznego we Wroc\u0142awiu profesorowi doktorowi habilitowanemu MARIANOWI GORYNI w czasopi\u015bmie Forum Akademickie, 2023, nr 12, s. 4, <\/span><a href=\"https:\/\/mariangorynia.pl\/wp-content\/uploads\/20240103_FORUM_AKADEMICKIE_DOKTORAT_H.C._-_PROF_7301009103_85532.pdf\"><span style=\"color: #0000ff;\">POBIERZ<\/span>,<\/a><\/li>\n<li><span style=\"color: #000000;\">Publikacja po\u015bwi\u0119cona uroczysto\u015bci nadania tytu\u0142u doktora honoris causa Uniwersytetu Ekonomicznego we Wroc\u0142awiu profesorowi doktorowi habilitowanemu MARIANOWI GORYNI &#8211; <\/span><span style=\"color: #0000ff;\"><a style=\"color: #0000ff;\" href=\"https:\/\/mariangorynia.pl\/wp-content\/uploads\/DHC_prof_Gorynia_2023.pdf\">POBIERZ<\/a><\/span>,<\/li>\n<li><span style=\"color: #000000;\">Ma\u0142ek M.,<\/span> <span style=\"color: #0000ff;\"><a style=\"color: #0000ff;\" href=\"https:\/\/mariangorynia.pl\/wp-content\/uploads\/Eurogospodarka_2024_1_DHC_Goryni_UE_we_Wroclawiu-1.pdf\">Marian Gorynia doktorem honoris causa Uniwersytetu Ekonomicznego we Wroc\u0142awiu<\/a><\/span>, <span style=\"color: #000000;\">Eurogospodarka, 2024, nr 1, s. 64-66.<\/span><\/li>\n<li><span style=\"color: #000000;\"><span style=\"color: #000000;\"><span style=\"color: #000000;\"><span style=\"color: #000000;\"><span style=\"color: #000000;\"><a href=\"https:\/\/mariangorynia.pl\/wp-content\/uploads\/20230727_PARKIET_ROZNICOWANIE_PLACY_M_6247136513_5BF81.pdf\"><span style=\"color: #0000ff;\">Gorynia Marian (opinia) <\/span><\/a>w artykule: G. Siemonczyk, Zr\u00f3\u017cnicowane minimum dobre tylko w teorii<\/span><\/span><\/span><\/span> [Panel Ekonomist\u00f3w], &#8222;Parkiet&#8221; z dn. 28.07.2023 r., s. 15.<\/span><\/li>\n<li><span style=\"color: #000000;\"><span style=\"color: #000000;\"><span style=\"color: #000000;\"><span style=\"color: #000000;\"><a href=\"https:\/\/mariangorynia.pl\/wp-content\/uploads\/20230718_PARKIET_NIE_WARTO_SZTYWNO_WI_6233229741_35D07.pdf\"><span style=\"color: #0000ff;\">Gorynia Marian (opinia) <\/span><\/a>w artykule: G. Siemonczyk, <\/span><\/span><\/span>Nie warto sztywno wi\u0105za\u0107 p\u0142acy minimalnej ze \u015bredni\u0105 [Panel Ekonomist\u00f3w], &#8222;Parkiet&#8221; z dn. 19.07.2023 r., s. 3.<\/span><\/li>\n<li class=\"li-element-wcag-inline\"><span style=\"color: #000000;\">Kryjom Piotr, Gorynia Marian, Kuczewska Joanna, <span style=\"color: #0000ff;\"><a style=\"color: #0000ff;\" href=\"https:\/\/mariangorynia.pl\/wp-content\/uploads\/2022_Raport_Zmiany_wywolane_Covid-19_w_sektorze_MSP.pdf\">[RAPORT] Zmiany wywo\u0142ane pandemi\u0105 COVID-19 w sektorze M\u015aP i ich wp\u0142yw na realizacj\u0119 proces\u00f3w biznesowych<\/a><\/span>, Materia\u0142 przygotowany w ramach prac Fundacji Platforma Przemys\u0142u Przysz\u0142o\u015bci, 2022.<\/span><\/li>\n<li><span style=\"color: #000000;\"><span style=\"color: #000000;\"><span style=\"color: #000000;\"><a href=\"https:\/\/mariangorynia.pl\/wp-content\/uploads\/20230425_PARKIET_RYNEK_JEST_ZAWODNY_W_6116244563_38816.pdf\"><span style=\"color: #0000ff;\">Gorynia Marian (opinia)<\/span> <\/a>w artykule: G. Siemonczyk, Rynek sam nie zadba o czyste powietrze <\/span><\/span><\/span><span style=\"color: #000000;\">[Panel Ekonomist\u00f3w], &#8222;Parkiet&#8221; z dn. 26.04.2023 r., s. 6.<\/span><\/li>\n<li><span style=\"color: #000000;\"><span style=\"color: #000000;\"><a href=\"https:\/\/mariangorynia.pl\/wp-content\/uploads\/20230328_PARKIET_WYDATKI_SOCJALNE_NAD_6073276213_93C91.pdf\"><span style=\"color: #0000ff;\">Gorynia Marian (opinia)<\/span> <\/a>w artykule: G. Siemonczyk, Wydatki socjalne nad Wis\u0142\u0105 stale rosn\u0105. Czy ju\u017c s\u0105 nadmierne? <\/span><\/span><span style=\"color: #000000;\">[Panel Ekonomist\u00f3w], &#8222;Parkiet&#8221; z dn. 30.03.2023 r., s. 6.<\/span><\/li>\n<li><span style=\"color: #000000;\"><a href=\"https:\/\/mariangorynia.pl\/wp-content\/uploads\/20220410_PARKIET_ZMIANA_WALUTY_SYMBOL_5556196361_45f82-1-1.pdf\"><span style=\"color: #0000ff;\">Gorynia Marian (opinia)<\/span><\/a> w artykule: G. Siemonczyk, <em>Zmiana waluty symbolicznie oddali\u0142aby nas od wojny?<\/em> [Panel Ekonomist\u00f3w], &#8222;Parkiet&#8221; z dn. 11.04.2022 r., s. 6.<\/span><\/li>\n<li><a href=\"https:\/\/mariangorynia.pl\/wp-content\/uploads\/Gorynia_book_jubileusz_UEP_2021.pdf\"><span style=\"color: #0000ff;\">Gorynia Marian (opinia)<\/span><\/a> <span style=\"color: #000000;\">[w:] Mruk H. (red.), <em>Uniwersytet Ekonomiczny w Poznaniu 1926-2021. O warto\u015bciach \u0142\u0105cz\u0105cych pracownik\u00f3w, absolwent\u00f3w i student\u00f3w.\u00a0<\/em>Pozna\u0144: Wydawnictwo Uniwersytetu Ekonomicznego w Poznaniu, 2021, s. 20-21.<\/span><\/li>\n<li><span style=\"color: #000000;\">Gorynia Marian, <a href=\"https:\/\/mariangorynia.pl\/wp-content\/uploads\/Gorynia_Pandemia_covid-19_Debaty_Poznanskie_2020_51-59.pdf\"><span style=\"color: #0000ff;\">Pandemia COVID-19, nowa normalno\u015b\u0107 i Pozna\u0144<\/span><\/a> [w:] <em>Debaty Pozna\u0144skie \u2013 Debata I: Pozna\u0144 wobec pandemii<\/em>, grudzie\u0144 2020, s. 51-59.<\/span><\/li>\n<li><span style=\"color: #000000;\">Gorynia Marian, <span style=\"color: #0000ff;\"><a style=\"color: #0000ff;\" href=\"https:\/\/mariangorynia.pl\/wp-content\/uploads\/Gorynia_W_biznesie_jak_w_milosci_Traktat_sztuka_wojny_2021_38-42.pdf\">W biznesie jak w mi\u0142o\u015bci \u2013 wszystkie chwyty dozwolone. Nieszablonowe my\u015blenie i amoralno\u015b\u0107<\/a><\/span> [w:] <em>Traktat Sztuka wojny. Wizje mistrz\u00f3w wojowania Wschodu i Zachodu<\/em>, pod red. Piotr Plebaniak, 2021, s. 38-42.<\/span><\/li>\n<li><span style=\"color: #000000;\">Fiedor Bogus\u0142aw, Gorynia Marian,<\/span> <span style=\"color: #0000ff;\"><a style=\"color: #0000ff;\" href=\"https:\/\/mariangorynia.pl\/wp-content\/uploads\/Fiedor_Gorynia_Seminaria_dot_ekon_aspektom_COVID\u201119_Biuletyn_PTE_2021_110-114.pdf\">Seminaria po\u015bwi\u0119cone ekonomicznym aspektom pandemii COVID\u201119 \u2013 wsp\u00f3\u0142praca KNE PAN i RN PTE<\/a><\/span>, <span style=\"color: #000000;\">&#8222;Biuletyn PTE&#8221;, 2021, nr 1, s. 110-114,<\/span><\/li>\n<li><span style=\"color: #000000;\">Gorynia Marian,<\/span> <a href=\"https:\/\/mariangorynia.pl\/wp-content\/uploads\/Gorynia_M_Komentarz_do_tekstu_-KEYNSA_z_1930_Biuletyn_PTE_2021_18-19.pdf\"><span style=\"color: #0000ff;\">Przysz\u0142o\u015b\u0107 \u015bwiata wed\u0142ug Keynesa a wsp\u00f3\u0142czesno\u015b\u0107 &#8211; Komentarz do tekstu z 1930 r.<\/span><\/a>, <span style=\"color: #000000;\">&#8222;Biuletyn PTE&#8221;, 2021, nr 1, s. 18-19,<\/span><\/li>\n<li><span style=\"color: #000000;\">Publikacja po\u015bwi\u0119cona dzia\u0142alno\u015bci Centralnej Komisji do Spraw Stopni i Tytu\u0142\u00f3w &#8211; <\/span><span style=\"color: #0000ff;\"><a style=\"color: #0000ff;\" href=\"https:\/\/mariangorynia.pl\/wp-content\/uploads\/Book_Centralna_Komisja_2020.pdf\">POBIERZ<\/a><\/span>,<\/li>\n<li><span style=\"color: #000000;\">Fiedor Bogus\u0142aw, Gorynia Marian, X KONGRES EKONOMIST\u00d3W POLSKICH PANEL 1:<\/span> <span style=\"color: #0000ff;\"><a style=\"color: #0000ff;\" href=\"https:\/\/www.researchgate.net\/publication\/337731618_X_KONGRES_EKONOMISTOW_POLSKICH_PANEL_1_POMYSLEC_EKONOMIE_NAUKI_EKONOMICZNE_OD_NOWA_MODERATORZY_Boguslaw_Fiedor_Marian_Gorynia\">POMY\u015aLE\u0106 EKONOMI\u0118 (NAUKI EKONOMICZNE) OD NOWA: SYNTEZA WYNIK\u00d3W<\/a><\/span>,<\/li>\n<li><span style=\"color: #000000;\">Wywiad dla Radia Pozna\u0144 nt. pandemii koronawirusa, 18.03.2020 r., cz\u0119\u015b\u0107 I i II &#8211; <span style=\"color: #0000ff;\"><a style=\"color: #0000ff;\" href=\"https:\/\/mariangorynia.pl\/wp-content\/uploads\/Wywiad_radio_poznan_18.03.2020.zip\">POBIERZ,<\/a><\/span><\/span><\/li>\n<li><span style=\"color: #000000;\">Gorynia Marian, Nowak Jan, Tr\u0105pczy\u0144ski Piotr, Wolniak Rados\u0142aw<\/span>, <span style=\"color: #0000ff;\"><a style=\"color: #0000ff;\" href=\"https:\/\/www.researchgate.net\/publication\/338232148_Integration_and_Investment_Development_Paths_of_CEE_Countries_Does_EU-Membership_Make_a_Difference\">Integration and Investment Development Paths of CEE Countries.<\/a><\/span><br \/>\n<span style=\"color: #0000ff;\">Does EU-Membership Make a Difference?<\/span><span style=\"color: #000000;\">, 45th EIBA Annual Conference 2019: &#8222;What now? International Business in a Confused World Order&#8221;, 13-15.12.2019, Leeds, UK.<\/span><\/li>\n<li><span style=\"color: #000000;\">Gorynia Marian, Tr\u0105pczy\u0144ski Piotr, Panel:<\/span> <span style=\"color: #0000ff;\"><a style=\"color: #0000ff;\" href=\"https:\/\/www.researchgate.net\/publication\/334130643_Panel_Challenges_for_Innovation_Cooperation_in_the_CEE_region_Business_and_Academia_perspective\">Challenges for Innovation Cooperation in the CEE region: Business and Academia perspective<\/a><\/span>, <span style=\"color: #000000;\">Academy of International Business 2019 &#8211; Annual Meeting COPENHAGEN, DENMARK, June 24-27, 2019 The AIB 2019 will be held in Copenhagen, Denmark on June 24-27, 2019.<\/span><\/li>\n<li><span style=\"color: #000000;\">Go\u0142\u0119biowski Tomasz, Jankowski Barbara, Gorynia Marian, Danik Lidia, Dzikowska Marlena, Lewandowska Ma\u0142gorzata<\/span>, <span style=\"color: #0000ff;\"><a style=\"color: #0000ff;\" href=\"https:\/\/www.researchgate.net\/publication\/330134666_Determinants_of_the_Innovation_Performance_of_a_Foreign_Subsidiary_FS-_The_Perspective_of_Foreign_Subsidiaries_Located_in_Poland\">Determinants\u00a0 of the\u00a0 Innovation\u00a0 Performance\u00a0 of\u00a0 a Foreign Subsidiary (FS) \u2013 The Perspective of Foreign Subsidiaries Located in Poland<\/a><\/span>,\u00a0<span style=\"color: #000000;\">44th Annual Conference EIBA: International Business in a Transforming World \u2013 the Changing Role of States and Firms, Pozna\u0144, 13-15 December 2018<\/span><\/li>\n<li><span style=\"color: #000000;\">Go\u0142\u0119biowski Tomasz, Jankowski Barbara, Gorynia Marian, Danik Lidia, Dzikowska Marlena, Lewandowska Ma\u0142gorzata<\/span>,\u00a0<span style=\"color: #0000ff;\"><a style=\"color: #0000ff;\" href=\"https:\/\/www.researchgate.net\/publication\/330134655_Determinants_of_the_Innovation_Performance_of_a_Foreign_Subsidiary_FS_-_The_Perspective_of_Foreign_Subsidiaries_Located_in_Poland\">Determinants\u00a0 of the\u00a0 Innovation\u00a0 Performance\u00a0 of\u00a0 a Foreign Subsidiary (FS) \u2013 The Perspective of Foreign Subsidiaries Located in Poland [POSTER]<\/a>,<\/span>\u00a0<span style=\"color: #000000;\">44th Annual Conference EIBA: International Business in a Transforming World \u2013 the Changing Role of States and Firms, Pozna\u0144, 13-15 December 2018<\/span><\/li>\n<li><span style=\"color: #000000;\">Marian Gorynia, Anna Matysek-J\u0119drych, Katarzyna Mroczek-D\u0105browska<\/span>,\u00a0\u00a0<span style=\"color: #0000ff;\"><a style=\"color: #0000ff;\" href=\"https:\/\/www.researchgate.net\/publication\/329873518_Brexit_Impact_on_EU27_Economies_Who_is_the_Loser\">Brexit Impact on EU27 Economies: Who is the Loser? [POSTER]<\/a><\/span>,\u00a0<span style=\"color: #000000;\">44th Annual Conference EIBA: International Business in a Transforming World \u2013 the Changing Role of States and Firms, Pozna\u0144, 13-15 December 2018<\/span><\/li>\n<li><span style=\"color: #000000;\">Marian Gorynia, Piotr Tr\u0105pczy\u0144ski, Szymon Bytniewski<\/span>, <span style=\"color: #0000ff;\"><a style=\"color: #0000ff;\" href=\"http:\/\/centaur2.ue.poznan.pl\/mgorynia\/wp-content\/uploads\/2018\/11\/Gorynia_Trapczynski_Bytniewski_Concepts_Strategy_Business_Models_Firm_Internationalisation-_44th_EIBA_2018.pdf\">The Concepts of Strategy and Business Models in Firm Internationalisation Research: Towards a Research Agenda<\/a><\/span>,\u00a0<span style=\"color: #000000;\">44th Annual Conference EIBA: International Business in a Transforming World \u2013 the Changing Role of States and Firms, Pozna\u0144, 13-15 December 2018<\/span><\/li>\n<li><span style=\"color: #000000;\">Marian Gorynia, Jan Nowak, Piotr Tr\u0105pczy\u0144ski, Rados\u0142aw Wolniak<\/span>,\u00a0<span style=\"color: #0000ff;\"><a style=\"color: #0000ff;\" href=\"http:\/\/centaur2.ue.poznan.pl\/mgorynia\/wp-content\/uploads\/2018\/11\/Gorynia_Nowak_Trapczynski_Wolniak_Sectoral_dimensions_of_Poland_44th_EIBA_Conference_2018.pdf\">Sectoral Dimensions of Poland`s Investment Development Path Revisited<\/a><\/span><strong>,\u00a0<\/strong><span style=\"color: #000000;\">44th Annual Conference EIBA: International Business in a Transforming World \u2013 the Changing Role of States and Firms, Pozna\u0144, 13-15 December 2018<\/span><\/li>\n<\/ul>\n","protected":false},"excerpt":{"rendered":"<p>Jolanta Pasionek, Marian Gorynia, rozdzia\u0142 w monografii:\u00a0 Polskie Towarzystwo Ekonomiczne i instytucje poprzedzaj\u0105ce w s\u0142u\u017cbie nauk ekonomicznych, pod red. M. Bochenek, Warszawa: PTE, 2025, s. 547-578. Monografia dost\u0119pna na stronie wydawcy: [TUTAJ] 11 racji na rzecz organizacji XI Kongresu Ekonomist\u00f3w&hellip;&nbsp;<a href=\"https:\/\/mariangorynia.pl\/?page_id=154\" class=\"more-link\">Read More<\/a><\/p>\n","protected":false},"author":1,"featured_media":0,"parent":0,"menu_order":0,"comment_status":"closed","ping_status":"closed","template":"","meta":{"footnotes":""},"class_list":["post-154","page","type-page","status-publish","hentry"],"_links":{"self":[{"href":"https:\/\/mariangorynia.pl\/index.php?rest_route=\/wp\/v2\/pages\/154"}],"collection":[{"href":"https:\/\/mariangorynia.pl\/index.php?rest_route=\/wp\/v2\/pages"}],"about":[{"href":"https:\/\/mariangorynia.pl\/index.php?rest_route=\/wp\/v2\/types\/page"}],"author":[{"embeddable":true,"href":"https:\/\/mariangorynia.pl\/index.php?rest_route=\/wp\/v2\/users\/1"}],"replies":[{"embeddable":true,"href":"https:\/\/mariangorynia.pl\/index.php?rest_route=%2Fwp%2Fv2%2Fcomments&post=154"}],"version-history":[{"count":50,"href":"https:\/\/mariangorynia.pl\/index.php?rest_route=\/wp\/v2\/pages\/154\/revisions"}],"predecessor-version":[{"id":9253,"href":"https:\/\/mariangorynia.pl\/index.php?rest_route=\/wp\/v2\/pages\/154\/revisions\/9253"}],"wp:attachment":[{"href":"https:\/\/mariangorynia.pl\/index.php?rest_route=%2Fwp%2Fv2%2Fmedia&parent=154"}],"curies":[{"name":"wp","href":"https:\/\/api.w.org\/{rel}","templated":true}]}}