{"id":4519,"date":"2022-07-15T09:39:45","date_gmt":"2022-07-15T07:39:45","guid":{"rendered":"http:\/\/mariangorynia.pl\/?page_id=4519"},"modified":"2022-07-15T09:39:45","modified_gmt":"2022-07-15T07:39:45","slug":"polmaraton-w-murowanej-goslinie-2013-02-06-2013","status":"publish","type":"page","link":"https:\/\/mariangorynia.pl\/?page_id=4519","title":{"rendered":"P\u00f3\u0142maraton w Murowanej Go\u015blinie 2013 &#8211; 02.06.2013"},"content":{"rendered":"\n<ul class=\"wp-block-gallery columns-3 wp-block-gallery-1 is-layout-flex wp-block-gallery-is-layout-flex\"><li class=\"blocks-gallery-item\"><figure><img loading=\"lazy\" decoding=\"async\" width=\"800\" height=\"533\" src=\"https:\/\/mariangorynia.pl\/wp-content\/uploads\/mg04.jpg\" alt=\"\" data-id=\"4520\" data-link=\"https:\/\/mariangorynia.pl\/?attachment_id=4520\" class=\"wp-image-4520\" srcset=\"https:\/\/mariangorynia.pl\/wp-content\/uploads\/mg04.jpg 800w, https:\/\/mariangorynia.pl\/wp-content\/uploads\/mg04-300x200.jpg 300w, https:\/\/mariangorynia.pl\/wp-content\/uploads\/mg04-768x512.jpg 768w, https:\/\/mariangorynia.pl\/wp-content\/uploads\/mg04-360x240.jpg 360w\" sizes=\"(max-width: 800px) 100vw, 800px\" \/><\/figure><\/li><li class=\"blocks-gallery-item\"><figure><img loading=\"lazy\" decoding=\"async\" width=\"800\" height=\"533\" src=\"https:\/\/mariangorynia.pl\/wp-content\/uploads\/mg03.jpg\" alt=\"\" data-id=\"4521\" data-link=\"https:\/\/mariangorynia.pl\/?attachment_id=4521\" class=\"wp-image-4521\" srcset=\"https:\/\/mariangorynia.pl\/wp-content\/uploads\/mg03.jpg 800w, https:\/\/mariangorynia.pl\/wp-content\/uploads\/mg03-300x200.jpg 300w, https:\/\/mariangorynia.pl\/wp-content\/uploads\/mg03-768x512.jpg 768w, https:\/\/mariangorynia.pl\/wp-content\/uploads\/mg03-360x240.jpg 360w\" sizes=\"(max-width: 800px) 100vw, 800px\" \/><\/figure><\/li><li class=\"blocks-gallery-item\"><figure><img loading=\"lazy\" decoding=\"async\" width=\"800\" height=\"533\" src=\"https:\/\/mariangorynia.pl\/wp-content\/uploads\/mg01.jpg\" alt=\"\" data-id=\"4522\" data-link=\"https:\/\/mariangorynia.pl\/?attachment_id=4522\" class=\"wp-image-4522\" srcset=\"https:\/\/mariangorynia.pl\/wp-content\/uploads\/mg01.jpg 800w, https:\/\/mariangorynia.pl\/wp-content\/uploads\/mg01-300x200.jpg 300w, https:\/\/mariangorynia.pl\/wp-content\/uploads\/mg01-768x512.jpg 768w, https:\/\/mariangorynia.pl\/wp-content\/uploads\/mg01-360x240.jpg 360w\" sizes=\"(max-width: 800px) 100vw, 800px\" \/><\/figure><\/li><\/ul>\n","protected":false},"excerpt":{"rendered":"","protected":false},"author":1,"featured_media":0,"parent":0,"menu_order":0,"comment_status":"closed","ping_status":"closed","template":"","meta":{"footnotes":""},"class_list":["post-4519","page","type-page","status-publish","hentry"],"_links":{"self":[{"href":"https:\/\/mariangorynia.pl\/index.php?rest_route=\/wp\/v2\/pages\/4519"}],"collection":[{"href":"https:\/\/mariangorynia.pl\/index.php?rest_route=\/wp\/v2\/pages"}],"about":[{"href":"https:\/\/mariangorynia.pl\/index.php?rest_route=\/wp\/v2\/types\/page"}],"author":[{"embeddable":true,"href":"https:\/\/mariangorynia.pl\/index.php?rest_route=\/wp\/v2\/users\/1"}],"replies":[{"embeddable":true,"href":"https:\/\/mariangorynia.pl\/index.php?rest_route=%2Fwp%2Fv2%2Fcomments&post=4519"}],"version-history":[{"count":1,"href":"https:\/\/mariangorynia.pl\/index.php?rest_route=\/wp\/v2\/pages\/4519\/revisions"}],"predecessor-version":[{"id":4523,"href":"https:\/\/mariangorynia.pl\/index.php?rest_route=\/wp\/v2\/pages\/4519\/revisions\/4523"}],"wp:attachment":[{"href":"https:\/\/mariangorynia.pl\/index.php?rest_route=%2Fwp%2Fv2%2Fmedia&parent=4519"}],"curies":[{"name":"wp","href":"https:\/\/api.w.org\/{rel}","templated":true}]}}