{"id":4556,"date":"2022-07-16T13:46:30","date_gmt":"2022-07-16T11:46:30","guid":{"rendered":"http:\/\/mariangorynia.pl\/?page_id=4556"},"modified":"2022-07-16T13:46:31","modified_gmt":"2022-07-16T11:46:31","slug":"polmaraton-poznan-06-04-2014","status":"publish","type":"page","link":"https:\/\/mariangorynia.pl\/?page_id=4556","title":{"rendered":"P\u00f3\u0142maraton Pozna\u0144 &#8211; 06.04.2014"},"content":{"rendered":"\n<ul class=\"wp-block-gallery columns-3 wp-block-gallery-1 is-layout-flex wp-block-gallery-is-layout-flex\"><li class=\"blocks-gallery-item\"><figure><img loading=\"lazy\" decoding=\"async\" width=\"800\" height=\"600\" src=\"https:\/\/mariangorynia.pl\/wp-content\/uploads\/pp06-1.jpg\" alt=\"\" data-id=\"4557\" data-link=\"https:\/\/mariangorynia.pl\/?attachment_id=4557\" class=\"wp-image-4557\" srcset=\"https:\/\/mariangorynia.pl\/wp-content\/uploads\/pp06-1.jpg 800w, https:\/\/mariangorynia.pl\/wp-content\/uploads\/pp06-1-300x225.jpg 300w, https:\/\/mariangorynia.pl\/wp-content\/uploads\/pp06-1-768x576.jpg 768w, https:\/\/mariangorynia.pl\/wp-content\/uploads\/pp06-1-360x270.jpg 360w\" sizes=\"(max-width: 800px) 100vw, 800px\" \/><\/figure><\/li><li class=\"blocks-gallery-item\"><figure><img loading=\"lazy\" decoding=\"async\" width=\"800\" height=\"600\" src=\"https:\/\/mariangorynia.pl\/wp-content\/uploads\/pp05-1.jpg\" alt=\"\" data-id=\"4558\" data-link=\"https:\/\/mariangorynia.pl\/?attachment_id=4558\" class=\"wp-image-4558\" srcset=\"https:\/\/mariangorynia.pl\/wp-content\/uploads\/pp05-1.jpg 800w, https:\/\/mariangorynia.pl\/wp-content\/uploads\/pp05-1-300x225.jpg 300w, https:\/\/mariangorynia.pl\/wp-content\/uploads\/pp05-1-768x576.jpg 768w, https:\/\/mariangorynia.pl\/wp-content\/uploads\/pp05-1-360x270.jpg 360w\" sizes=\"(max-width: 800px) 100vw, 800px\" \/><\/figure><\/li><li class=\"blocks-gallery-item\"><figure><img loading=\"lazy\" decoding=\"async\" width=\"800\" height=\"600\" src=\"https:\/\/mariangorynia.pl\/wp-content\/uploads\/pp04-2.jpg\" alt=\"\" data-id=\"4559\" data-link=\"https:\/\/mariangorynia.pl\/?attachment_id=4559\" class=\"wp-image-4559\" srcset=\"https:\/\/mariangorynia.pl\/wp-content\/uploads\/pp04-2.jpg 800w, https:\/\/mariangorynia.pl\/wp-content\/uploads\/pp04-2-300x225.jpg 300w, https:\/\/mariangorynia.pl\/wp-content\/uploads\/pp04-2-768x576.jpg 768w, https:\/\/mariangorynia.pl\/wp-content\/uploads\/pp04-2-360x270.jpg 360w\" sizes=\"(max-width: 800px) 100vw, 800px\" \/><\/figure><\/li><li class=\"blocks-gallery-item\"><figure><img loading=\"lazy\" decoding=\"async\" width=\"800\" height=\"600\" src=\"https:\/\/mariangorynia.pl\/wp-content\/uploads\/pp03-2.jpg\" alt=\"\" data-id=\"4560\" data-link=\"https:\/\/mariangorynia.pl\/?attachment_id=4560\" class=\"wp-image-4560\" srcset=\"https:\/\/mariangorynia.pl\/wp-content\/uploads\/pp03-2.jpg 800w, https:\/\/mariangorynia.pl\/wp-content\/uploads\/pp03-2-300x225.jpg 300w, https:\/\/mariangorynia.pl\/wp-content\/uploads\/pp03-2-768x576.jpg 768w, https:\/\/mariangorynia.pl\/wp-content\/uploads\/pp03-2-360x270.jpg 360w\" sizes=\"(max-width: 800px) 100vw, 800px\" \/><\/figure><\/li><li class=\"blocks-gallery-item\"><figure><img loading=\"lazy\" decoding=\"async\" width=\"800\" height=\"600\" src=\"https:\/\/mariangorynia.pl\/wp-content\/uploads\/pp02-3.jpg\" alt=\"\" data-id=\"4561\" data-link=\"https:\/\/mariangorynia.pl\/?attachment_id=4561\" class=\"wp-image-4561\" srcset=\"https:\/\/mariangorynia.pl\/wp-content\/uploads\/pp02-3.jpg 800w, https:\/\/mariangorynia.pl\/wp-content\/uploads\/pp02-3-300x225.jpg 300w, https:\/\/mariangorynia.pl\/wp-content\/uploads\/pp02-3-768x576.jpg 768w, https:\/\/mariangorynia.pl\/wp-content\/uploads\/pp02-3-360x270.jpg 360w\" sizes=\"(max-width: 800px) 100vw, 800px\" \/><\/figure><\/li><li class=\"blocks-gallery-item\"><figure><img loading=\"lazy\" decoding=\"async\" width=\"800\" height=\"534\" src=\"https:\/\/mariangorynia.pl\/wp-content\/uploads\/pp01-3.jpg\" alt=\"\" data-id=\"4562\" data-link=\"https:\/\/mariangorynia.pl\/?attachment_id=4562\" class=\"wp-image-4562\" srcset=\"https:\/\/mariangorynia.pl\/wp-content\/uploads\/pp01-3.jpg 800w, https:\/\/mariangorynia.pl\/wp-content\/uploads\/pp01-3-300x200.jpg 300w, https:\/\/mariangorynia.pl\/wp-content\/uploads\/pp01-3-768x513.jpg 768w, https:\/\/mariangorynia.pl\/wp-content\/uploads\/pp01-3-360x240.jpg 360w\" sizes=\"(max-width: 800px) 100vw, 800px\" \/><\/figure><\/li><\/ul>\n","protected":false},"excerpt":{"rendered":"","protected":false},"author":1,"featured_media":0,"parent":0,"menu_order":0,"comment_status":"closed","ping_status":"closed","template":"","meta":{"footnotes":""},"class_list":["post-4556","page","type-page","status-publish","hentry"],"_links":{"self":[{"href":"https:\/\/mariangorynia.pl\/index.php?rest_route=\/wp\/v2\/pages\/4556"}],"collection":[{"href":"https:\/\/mariangorynia.pl\/index.php?rest_route=\/wp\/v2\/pages"}],"about":[{"href":"https:\/\/mariangorynia.pl\/index.php?rest_route=\/wp\/v2\/types\/page"}],"author":[{"embeddable":true,"href":"https:\/\/mariangorynia.pl\/index.php?rest_route=\/wp\/v2\/users\/1"}],"replies":[{"embeddable":true,"href":"https:\/\/mariangorynia.pl\/index.php?rest_route=%2Fwp%2Fv2%2Fcomments&post=4556"}],"version-history":[{"count":1,"href":"https:\/\/mariangorynia.pl\/index.php?rest_route=\/wp\/v2\/pages\/4556\/revisions"}],"predecessor-version":[{"id":4563,"href":"https:\/\/mariangorynia.pl\/index.php?rest_route=\/wp\/v2\/pages\/4556\/revisions\/4563"}],"wp:attachment":[{"href":"https:\/\/mariangorynia.pl\/index.php?rest_route=%2Fwp%2Fv2%2Fmedia&parent=4556"}],"curies":[{"name":"wp","href":"https:\/\/api.w.org\/{rel}","templated":true}]}}