{"id":4614,"date":"2022-07-16T14:02:29","date_gmt":"2022-07-16T12:02:29","guid":{"rendered":"http:\/\/mariangorynia.pl\/?page_id=4614"},"modified":"2022-07-16T14:02:29","modified_gmt":"2022-07-16T12:02:29","slug":"ii-sucholeska-dziesiatka-fightera-22-06-2014","status":"publish","type":"page","link":"https:\/\/mariangorynia.pl\/?page_id=4614","title":{"rendered":"II Sucholeska Dziesi\u0105tka Fightera &#8211; 22.06.2014"},"content":{"rendered":"\n<p><strong><a href=\"https:\/\/mariangorynia.pl\/wp-content\/uploads\/SL_2014_07.pdf\">Bieg\u0142a ca\u0142a wie\u015b, &#8222;Sucholeski Magazyn Mieszka\u0144c\u00f3w Gminy&#8221; numer 5(30), lipiec 2014<\/a><\/strong><\/p>\n\n\n\n<ul class=\"wp-block-gallery columns-3 wp-block-gallery-1 is-layout-flex wp-block-gallery-is-layout-flex\"><li class=\"blocks-gallery-item\"><figure><img loading=\"lazy\" decoding=\"async\" width=\"800\" height=\"600\" src=\"https:\/\/mariangorynia.pl\/wp-content\/uploads\/sl04-1.jpg\" alt=\"\" data-id=\"4616\" data-link=\"https:\/\/mariangorynia.pl\/?attachment_id=4616\" class=\"wp-image-4616\" srcset=\"https:\/\/mariangorynia.pl\/wp-content\/uploads\/sl04-1.jpg 800w, https:\/\/mariangorynia.pl\/wp-content\/uploads\/sl04-1-300x225.jpg 300w, https:\/\/mariangorynia.pl\/wp-content\/uploads\/sl04-1-768x576.jpg 768w, https:\/\/mariangorynia.pl\/wp-content\/uploads\/sl04-1-360x270.jpg 360w\" sizes=\"(max-width: 800px) 100vw, 800px\" \/><\/figure><\/li><li class=\"blocks-gallery-item\"><figure><img loading=\"lazy\" decoding=\"async\" width=\"800\" height=\"600\" src=\"https:\/\/mariangorynia.pl\/wp-content\/uploads\/sl03-1.jpg\" alt=\"\" data-id=\"4617\" data-link=\"https:\/\/mariangorynia.pl\/?attachment_id=4617\" class=\"wp-image-4617\" srcset=\"https:\/\/mariangorynia.pl\/wp-content\/uploads\/sl03-1.jpg 800w, https:\/\/mariangorynia.pl\/wp-content\/uploads\/sl03-1-300x225.jpg 300w, https:\/\/mariangorynia.pl\/wp-content\/uploads\/sl03-1-768x576.jpg 768w, https:\/\/mariangorynia.pl\/wp-content\/uploads\/sl03-1-360x270.jpg 360w\" sizes=\"(max-width: 800px) 100vw, 800px\" \/><\/figure><\/li><li class=\"blocks-gallery-item\"><figure><img loading=\"lazy\" decoding=\"async\" width=\"800\" height=\"600\" src=\"https:\/\/mariangorynia.pl\/wp-content\/uploads\/sl02-1.jpg\" alt=\"\" data-id=\"4618\" data-link=\"https:\/\/mariangorynia.pl\/?attachment_id=4618\" class=\"wp-image-4618\" srcset=\"https:\/\/mariangorynia.pl\/wp-content\/uploads\/sl02-1.jpg 800w, https:\/\/mariangorynia.pl\/wp-content\/uploads\/sl02-1-300x225.jpg 300w, https:\/\/mariangorynia.pl\/wp-content\/uploads\/sl02-1-768x576.jpg 768w, https:\/\/mariangorynia.pl\/wp-content\/uploads\/sl02-1-360x270.jpg 360w\" sizes=\"(max-width: 800px) 100vw, 800px\" \/><\/figure><\/li><li class=\"blocks-gallery-item\"><figure><img loading=\"lazy\" decoding=\"async\" width=\"800\" height=\"600\" src=\"https:\/\/mariangorynia.pl\/wp-content\/uploads\/sl01-1.jpg\" alt=\"\" data-id=\"4619\" data-link=\"https:\/\/mariangorynia.pl\/?attachment_id=4619\" class=\"wp-image-4619\" srcset=\"https:\/\/mariangorynia.pl\/wp-content\/uploads\/sl01-1.jpg 800w, https:\/\/mariangorynia.pl\/wp-content\/uploads\/sl01-1-300x225.jpg 300w, https:\/\/mariangorynia.pl\/wp-content\/uploads\/sl01-1-768x576.jpg 768w, https:\/\/mariangorynia.pl\/wp-content\/uploads\/sl01-1-360x270.jpg 360w\" sizes=\"(max-width: 800px) 100vw, 800px\" \/><\/figure><\/li><\/ul>\n","protected":false},"excerpt":{"rendered":"<p>Bieg\u0142a ca\u0142a wie\u015b, &#8222;Sucholeski Magazyn Mieszka\u0144c\u00f3w Gminy&#8221; numer 5(30), lipiec 2014<\/p>\n","protected":false},"author":1,"featured_media":0,"parent":0,"menu_order":0,"comment_status":"closed","ping_status":"closed","template":"","meta":{"footnotes":""},"class_list":["post-4614","page","type-page","status-publish","hentry"],"_links":{"self":[{"href":"https:\/\/mariangorynia.pl\/index.php?rest_route=\/wp\/v2\/pages\/4614"}],"collection":[{"href":"https:\/\/mariangorynia.pl\/index.php?rest_route=\/wp\/v2\/pages"}],"about":[{"href":"https:\/\/mariangorynia.pl\/index.php?rest_route=\/wp\/v2\/types\/page"}],"author":[{"embeddable":true,"href":"https:\/\/mariangorynia.pl\/index.php?rest_route=\/wp\/v2\/users\/1"}],"replies":[{"embeddable":true,"href":"https:\/\/mariangorynia.pl\/index.php?rest_route=%2Fwp%2Fv2%2Fcomments&post=4614"}],"version-history":[{"count":1,"href":"https:\/\/mariangorynia.pl\/index.php?rest_route=\/wp\/v2\/pages\/4614\/revisions"}],"predecessor-version":[{"id":4620,"href":"https:\/\/mariangorynia.pl\/index.php?rest_route=\/wp\/v2\/pages\/4614\/revisions\/4620"}],"wp:attachment":[{"href":"https:\/\/mariangorynia.pl\/index.php?rest_route=%2Fwp%2Fv2%2Fmedia&parent=4614"}],"curies":[{"name":"wp","href":"https:\/\/api.w.org\/{rel}","templated":true}]}}