{"id":4649,"date":"2022-07-16T14:15:07","date_gmt":"2022-07-16T12:15:07","guid":{"rendered":"http:\/\/mariangorynia.pl\/?page_id=4649"},"modified":"2022-07-16T14:15:08","modified_gmt":"2022-07-16T12:15:08","slug":"8-poznan-polmaraton-12-04-2015","status":"publish","type":"page","link":"https:\/\/mariangorynia.pl\/?page_id=4649","title":{"rendered":"8 Pozna\u0144 P\u00f3\u0142maraton &#8211; 12.04.2015"},"content":{"rendered":"\n<ul class=\"wp-block-gallery columns-3 wp-block-gallery-1 is-layout-flex wp-block-gallery-is-layout-flex\"><li class=\"blocks-gallery-item\"><figure><img loading=\"lazy\" decoding=\"async\" width=\"521\" height=\"744\" src=\"https:\/\/mariangorynia.pl\/wp-content\/uploads\/ppm07.jpg\" alt=\"\" data-id=\"4651\" data-link=\"https:\/\/mariangorynia.pl\/?attachment_id=4651\" class=\"wp-image-4651\" srcset=\"https:\/\/mariangorynia.pl\/wp-content\/uploads\/ppm07.jpg 521w, https:\/\/mariangorynia.pl\/wp-content\/uploads\/ppm07-210x300.jpg 210w, https:\/\/mariangorynia.pl\/wp-content\/uploads\/ppm07-189x270.jpg 189w\" sizes=\"(max-width: 521px) 100vw, 521px\" \/><\/figure><\/li><li class=\"blocks-gallery-item\"><figure><img loading=\"lazy\" decoding=\"async\" width=\"507\" height=\"760\" src=\"https:\/\/mariangorynia.pl\/wp-content\/uploads\/ppm06.jpg\" alt=\"\" data-id=\"4652\" data-link=\"https:\/\/mariangorynia.pl\/?attachment_id=4652\" class=\"wp-image-4652\" srcset=\"https:\/\/mariangorynia.pl\/wp-content\/uploads\/ppm06.jpg 507w, https:\/\/mariangorynia.pl\/wp-content\/uploads\/ppm06-200x300.jpg 200w, https:\/\/mariangorynia.pl\/wp-content\/uploads\/ppm06-180x270.jpg 180w\" sizes=\"(max-width: 507px) 100vw, 507px\" \/><\/figure><\/li><li class=\"blocks-gallery-item\"><figure><img loading=\"lazy\" decoding=\"async\" width=\"499\" height=\"749\" src=\"https:\/\/mariangorynia.pl\/wp-content\/uploads\/ppm05.jpg\" alt=\"\" data-id=\"4653\" data-link=\"https:\/\/mariangorynia.pl\/?attachment_id=4653\" class=\"wp-image-4653\" srcset=\"https:\/\/mariangorynia.pl\/wp-content\/uploads\/ppm05.jpg 499w, https:\/\/mariangorynia.pl\/wp-content\/uploads\/ppm05-200x300.jpg 200w, https:\/\/mariangorynia.pl\/wp-content\/uploads\/ppm05-180x270.jpg 180w\" sizes=\"(max-width: 499px) 100vw, 499px\" \/><\/figure><\/li><li class=\"blocks-gallery-item\"><figure><img loading=\"lazy\" decoding=\"async\" width=\"857\" height=\"572\" src=\"https:\/\/mariangorynia.pl\/wp-content\/uploads\/ppm09.jpg\" alt=\"\" data-id=\"4654\" data-link=\"https:\/\/mariangorynia.pl\/?attachment_id=4654\" class=\"wp-image-4654\" srcset=\"https:\/\/mariangorynia.pl\/wp-content\/uploads\/ppm09.jpg 857w, https:\/\/mariangorynia.pl\/wp-content\/uploads\/ppm09-300x200.jpg 300w, https:\/\/mariangorynia.pl\/wp-content\/uploads\/ppm09-768x513.jpg 768w, https:\/\/mariangorynia.pl\/wp-content\/uploads\/ppm09-360x240.jpg 360w\" sizes=\"(max-width: 857px) 100vw, 857px\" \/><\/figure><\/li><li class=\"blocks-gallery-item\"><figure><img loading=\"lazy\" decoding=\"async\" width=\"857\" height=\"572\" src=\"https:\/\/mariangorynia.pl\/wp-content\/uploads\/ppm08.jpg\" alt=\"\" data-id=\"4655\" data-link=\"https:\/\/mariangorynia.pl\/?attachment_id=4655\" class=\"wp-image-4655\" srcset=\"https:\/\/mariangorynia.pl\/wp-content\/uploads\/ppm08.jpg 857w, https:\/\/mariangorynia.pl\/wp-content\/uploads\/ppm08-300x200.jpg 300w, https:\/\/mariangorynia.pl\/wp-content\/uploads\/ppm08-768x513.jpg 768w, https:\/\/mariangorynia.pl\/wp-content\/uploads\/ppm08-360x240.jpg 360w\" sizes=\"(max-width: 857px) 100vw, 857px\" \/><\/figure><\/li><li class=\"blocks-gallery-item\"><figure><img loading=\"lazy\" decoding=\"async\" width=\"829\" height=\"553\" src=\"https:\/\/mariangorynia.pl\/wp-content\/uploads\/ppm04.jpg\" alt=\"\" data-id=\"4656\" data-link=\"https:\/\/mariangorynia.pl\/?attachment_id=4656\" class=\"wp-image-4656\" srcset=\"https:\/\/mariangorynia.pl\/wp-content\/uploads\/ppm04.jpg 829w, https:\/\/mariangorynia.pl\/wp-content\/uploads\/ppm04-300x200.jpg 300w, https:\/\/mariangorynia.pl\/wp-content\/uploads\/ppm04-768x512.jpg 768w, https:\/\/mariangorynia.pl\/wp-content\/uploads\/ppm04-360x240.jpg 360w\" sizes=\"(max-width: 829px) 100vw, 829px\" \/><\/figure><\/li><li class=\"blocks-gallery-item\"><figure><img loading=\"lazy\" decoding=\"async\" width=\"816\" height=\"459\" src=\"https:\/\/mariangorynia.pl\/wp-content\/uploads\/ppm03.jpg\" alt=\"\" data-id=\"4657\" data-link=\"https:\/\/mariangorynia.pl\/?attachment_id=4657\" class=\"wp-image-4657\" srcset=\"https:\/\/mariangorynia.pl\/wp-content\/uploads\/ppm03.jpg 816w, https:\/\/mariangorynia.pl\/wp-content\/uploads\/ppm03-300x169.jpg 300w, https:\/\/mariangorynia.pl\/wp-content\/uploads\/ppm03-768x432.jpg 768w, https:\/\/mariangorynia.pl\/wp-content\/uploads\/ppm03-360x203.jpg 360w\" sizes=\"(max-width: 816px) 100vw, 816px\" \/><\/figure><\/li><li class=\"blocks-gallery-item\"><figure><img loading=\"lazy\" decoding=\"async\" width=\"898\" height=\"505\" src=\"https:\/\/mariangorynia.pl\/wp-content\/uploads\/ppm02.jpg\" alt=\"\" data-id=\"4658\" data-link=\"https:\/\/mariangorynia.pl\/?attachment_id=4658\" class=\"wp-image-4658\" srcset=\"https:\/\/mariangorynia.pl\/wp-content\/uploads\/ppm02.jpg 898w, https:\/\/mariangorynia.pl\/wp-content\/uploads\/ppm02-300x169.jpg 300w, https:\/\/mariangorynia.pl\/wp-content\/uploads\/ppm02-768x432.jpg 768w, https:\/\/mariangorynia.pl\/wp-content\/uploads\/ppm02-360x202.jpg 360w\" sizes=\"(max-width: 898px) 100vw, 898px\" \/><\/figure><\/li><li class=\"blocks-gallery-item\"><figure><img loading=\"lazy\" decoding=\"async\" width=\"720\" height=\"540\" src=\"https:\/\/mariangorynia.pl\/wp-content\/uploads\/ppm01.jpg\" alt=\"\" data-id=\"4659\" data-link=\"https:\/\/mariangorynia.pl\/?attachment_id=4659\" class=\"wp-image-4659\" srcset=\"https:\/\/mariangorynia.pl\/wp-content\/uploads\/ppm01.jpg 720w, https:\/\/mariangorynia.pl\/wp-content\/uploads\/ppm01-300x225.jpg 300w, https:\/\/mariangorynia.pl\/wp-content\/uploads\/ppm01-360x270.jpg 360w\" sizes=\"(max-width: 720px) 100vw, 720px\" \/><\/figure><\/li><\/ul>\n","protected":false},"excerpt":{"rendered":"","protected":false},"author":1,"featured_media":0,"parent":0,"menu_order":0,"comment_status":"closed","ping_status":"closed","template":"","meta":{"footnotes":""},"class_list":["post-4649","page","type-page","status-publish","hentry"],"_links":{"self":[{"href":"https:\/\/mariangorynia.pl\/index.php?rest_route=\/wp\/v2\/pages\/4649"}],"collection":[{"href":"https:\/\/mariangorynia.pl\/index.php?rest_route=\/wp\/v2\/pages"}],"about":[{"href":"https:\/\/mariangorynia.pl\/index.php?rest_route=\/wp\/v2\/types\/page"}],"author":[{"embeddable":true,"href":"https:\/\/mariangorynia.pl\/index.php?rest_route=\/wp\/v2\/users\/1"}],"replies":[{"embeddable":true,"href":"https:\/\/mariangorynia.pl\/index.php?rest_route=%2Fwp%2Fv2%2Fcomments&post=4649"}],"version-history":[{"count":1,"href":"https:\/\/mariangorynia.pl\/index.php?rest_route=\/wp\/v2\/pages\/4649\/revisions"}],"predecessor-version":[{"id":4660,"href":"https:\/\/mariangorynia.pl\/index.php?rest_route=\/wp\/v2\/pages\/4649\/revisions\/4660"}],"wp:attachment":[{"href":"https:\/\/mariangorynia.pl\/index.php?rest_route=%2Fwp%2Fv2%2Fmedia&parent=4649"}],"curies":[{"name":"wp","href":"https:\/\/api.w.org\/{rel}","templated":true}]}}