{"id":4983,"date":"2022-07-17T10:54:12","date_gmt":"2022-07-17T08:54:12","guid":{"rendered":"http:\/\/mariangorynia.pl\/?page_id=4983"},"modified":"2022-07-17T10:54:13","modified_gmt":"2022-07-17T08:54:13","slug":"polmaraton-tarnowo-podgorne-3-06-2018","status":"publish","type":"page","link":"https:\/\/mariangorynia.pl\/?page_id=4983","title":{"rendered":"P\u00f3\u0142maraton Tarnowo Podg\u00f3rne &#8211; 3.06.2018"},"content":{"rendered":"\n<ul class=\"wp-block-gallery columns-2 wp-block-gallery-1 is-layout-flex wp-block-gallery-is-layout-flex\"><li class=\"blocks-gallery-item\"><figure><img loading=\"lazy\" decoding=\"async\" width=\"850\" height=\"413\" src=\"https:\/\/mariangorynia.pl\/wp-content\/uploads\/tp03.jpg\" alt=\"\" data-id=\"4984\" data-link=\"https:\/\/mariangorynia.pl\/?attachment_id=4984\" class=\"wp-image-4984\" srcset=\"https:\/\/mariangorynia.pl\/wp-content\/uploads\/tp03.jpg 850w, https:\/\/mariangorynia.pl\/wp-content\/uploads\/tp03-300x146.jpg 300w, https:\/\/mariangorynia.pl\/wp-content\/uploads\/tp03-768x373.jpg 768w, https:\/\/mariangorynia.pl\/wp-content\/uploads\/tp03-360x175.jpg 360w\" sizes=\"(max-width: 850px) 100vw, 850px\" \/><\/figure><\/li><li class=\"blocks-gallery-item\"><figure><img loading=\"lazy\" decoding=\"async\" width=\"413\" height=\"850\" src=\"https:\/\/mariangorynia.pl\/wp-content\/uploads\/tp02.jpg\" alt=\"\" data-id=\"4985\" data-link=\"https:\/\/mariangorynia.pl\/?attachment_id=4985\" class=\"wp-image-4985\" srcset=\"https:\/\/mariangorynia.pl\/wp-content\/uploads\/tp02.jpg 413w, https:\/\/mariangorynia.pl\/wp-content\/uploads\/tp02-146x300.jpg 146w, https:\/\/mariangorynia.pl\/wp-content\/uploads\/tp02-131x270.jpg 131w\" sizes=\"(max-width: 413px) 100vw, 413px\" \/><\/figure><\/li><\/ul>\n","protected":false},"excerpt":{"rendered":"","protected":false},"author":1,"featured_media":0,"parent":0,"menu_order":0,"comment_status":"closed","ping_status":"closed","template":"","meta":{"footnotes":""},"class_list":["post-4983","page","type-page","status-publish","hentry"],"_links":{"self":[{"href":"https:\/\/mariangorynia.pl\/index.php?rest_route=\/wp\/v2\/pages\/4983"}],"collection":[{"href":"https:\/\/mariangorynia.pl\/index.php?rest_route=\/wp\/v2\/pages"}],"about":[{"href":"https:\/\/mariangorynia.pl\/index.php?rest_route=\/wp\/v2\/types\/page"}],"author":[{"embeddable":true,"href":"https:\/\/mariangorynia.pl\/index.php?rest_route=\/wp\/v2\/users\/1"}],"replies":[{"embeddable":true,"href":"https:\/\/mariangorynia.pl\/index.php?rest_route=%2Fwp%2Fv2%2Fcomments&post=4983"}],"version-history":[{"count":1,"href":"https:\/\/mariangorynia.pl\/index.php?rest_route=\/wp\/v2\/pages\/4983\/revisions"}],"predecessor-version":[{"id":4986,"href":"https:\/\/mariangorynia.pl\/index.php?rest_route=\/wp\/v2\/pages\/4983\/revisions\/4986"}],"wp:attachment":[{"href":"https:\/\/mariangorynia.pl\/index.php?rest_route=%2Fwp%2Fv2%2Fmedia&parent=4983"}],"curies":[{"name":"wp","href":"https:\/\/api.w.org\/{rel}","templated":true}]}}