{"id":5827,"date":"2023-05-26T21:06:15","date_gmt":"2023-05-26T19:06:15","guid":{"rendered":"http:\/\/mariangorynia.pl\/?page_id=5827"},"modified":"2023-05-26T21:06:15","modified_gmt":"2023-05-26T19:06:15","slug":"bieg-lwa-polmaraton-w-tarnowie-podgornym-20-05-2023","status":"publish","type":"page","link":"https:\/\/mariangorynia.pl\/?page_id=5827","title":{"rendered":"Bieg Lwa &#8211; P\u00f3\u0142maraton w Tarnowie Podg\u00f3rnym &#8211; 20.05.2023"},"content":{"rendered":"\n<p>Informacja o biegu &#8211; <a href=\"https:\/\/bieglwa.pl\/aktualnosci\/szczegoly\/id\/425\/dziesiata_edycja_biegu_lwa_przeszla_do_historii_\">[TUTAJ]<\/a><\/p>\n\n\n\n<ul class=\"wp-block-gallery columns-3 is-cropped wp-block-gallery-1 is-layout-flex wp-block-gallery-is-layout-flex\"><li class=\"blocks-gallery-item\"><figure><img loading=\"lazy\" decoding=\"async\" width=\"1024\" height=\"461\" src=\"https:\/\/mariangorynia.pl\/wp-content\/uploads\/IMG-20230520-WA0016-1024x461.jpg\" alt=\"\" data-id=\"5829\" data-link=\"https:\/\/mariangorynia.pl\/?attachment_id=5829\" class=\"wp-image-5829\" srcset=\"https:\/\/mariangorynia.pl\/wp-content\/uploads\/IMG-20230520-WA0016-1024x461.jpg 1024w, https:\/\/mariangorynia.pl\/wp-content\/uploads\/IMG-20230520-WA0016-300x135.jpg 300w, https:\/\/mariangorynia.pl\/wp-content\/uploads\/IMG-20230520-WA0016-768x346.jpg 768w, https:\/\/mariangorynia.pl\/wp-content\/uploads\/IMG-20230520-WA0016-360x162.jpg 360w, https:\/\/mariangorynia.pl\/wp-content\/uploads\/IMG-20230520-WA0016.jpg 1600w\" sizes=\"(max-width: 1024px) 100vw, 1024px\" \/><\/figure><\/li><li class=\"blocks-gallery-item\"><figure><img loading=\"lazy\" decoding=\"async\" width=\"1024\" height=\"683\" src=\"https:\/\/mariangorynia.pl\/wp-content\/uploads\/IMG-20230525-WA0005-1024x683.jpg\" alt=\"\" data-id=\"5830\" data-link=\"https:\/\/mariangorynia.pl\/?attachment_id=5830\" class=\"wp-image-5830\" srcset=\"https:\/\/mariangorynia.pl\/wp-content\/uploads\/IMG-20230525-WA0005-1024x683.jpg 1024w, https:\/\/mariangorynia.pl\/wp-content\/uploads\/IMG-20230525-WA0005-300x200.jpg 300w, https:\/\/mariangorynia.pl\/wp-content\/uploads\/IMG-20230525-WA0005-768x512.jpg 768w, https:\/\/mariangorynia.pl\/wp-content\/uploads\/IMG-20230525-WA0005-360x240.jpg 360w, https:\/\/mariangorynia.pl\/wp-content\/uploads\/IMG-20230525-WA0005.jpg 1080w\" sizes=\"(max-width: 1024px) 100vw, 1024px\" \/><\/figure><\/li><li class=\"blocks-gallery-item\"><figure><img loading=\"lazy\" decoding=\"async\" width=\"1024\" height=\"768\" src=\"https:\/\/mariangorynia.pl\/wp-content\/uploads\/20230521_095443-1024x768.jpg\" alt=\"\" data-id=\"5831\" data-link=\"https:\/\/mariangorynia.pl\/?attachment_id=5831\" class=\"wp-image-5831\" srcset=\"https:\/\/mariangorynia.pl\/wp-content\/uploads\/20230521_095443-1024x768.jpg 1024w, https:\/\/mariangorynia.pl\/wp-content\/uploads\/20230521_095443-300x225.jpg 300w, https:\/\/mariangorynia.pl\/wp-content\/uploads\/20230521_095443-768x576.jpg 768w, https:\/\/mariangorynia.pl\/wp-content\/uploads\/20230521_095443-360x270.jpg 360w\" sizes=\"(max-width: 1024px) 100vw, 1024px\" \/><\/figure><\/li><\/ul>\n","protected":false},"excerpt":{"rendered":"<p>Informacja o biegu &#8211; [TUTAJ]<\/p>\n","protected":false},"author":1,"featured_media":0,"parent":0,"menu_order":0,"comment_status":"closed","ping_status":"closed","template":"","meta":{"footnotes":""},"class_list":["post-5827","page","type-page","status-publish","hentry"],"_links":{"self":[{"href":"https:\/\/mariangorynia.pl\/index.php?rest_route=\/wp\/v2\/pages\/5827"}],"collection":[{"href":"https:\/\/mariangorynia.pl\/index.php?rest_route=\/wp\/v2\/pages"}],"about":[{"href":"https:\/\/mariangorynia.pl\/index.php?rest_route=\/wp\/v2\/types\/page"}],"author":[{"embeddable":true,"href":"https:\/\/mariangorynia.pl\/index.php?rest_route=\/wp\/v2\/users\/1"}],"replies":[{"embeddable":true,"href":"https:\/\/mariangorynia.pl\/index.php?rest_route=%2Fwp%2Fv2%2Fcomments&post=5827"}],"version-history":[{"count":1,"href":"https:\/\/mariangorynia.pl\/index.php?rest_route=\/wp\/v2\/pages\/5827\/revisions"}],"predecessor-version":[{"id":5832,"href":"https:\/\/mariangorynia.pl\/index.php?rest_route=\/wp\/v2\/pages\/5827\/revisions\/5832"}],"wp:attachment":[{"href":"https:\/\/mariangorynia.pl\/index.php?rest_route=%2Fwp%2Fv2%2Fmedia&parent=5827"}],"curies":[{"name":"wp","href":"https:\/\/api.w.org\/{rel}","templated":true}]}}