{"id":7199,"date":"2023-08-21T10:07:24","date_gmt":"2023-08-21T08:07:24","guid":{"rendered":"http:\/\/mariangorynia.pl\/?page_id=7199"},"modified":"2023-08-21T10:07:24","modified_gmt":"2023-08-21T08:07:24","slug":"janskie-laznie","status":"publish","type":"page","link":"https:\/\/mariangorynia.pl\/?page_id=7199","title":{"rendered":"Ja\u0144skie \u0141a\u017anie"},"content":{"rendered":"\n<ul class=\"wp-block-gallery columns-3 wp-block-gallery-1 is-layout-flex wp-block-gallery-is-layout-flex\"><li class=\"blocks-gallery-item\"><figure><img loading=\"lazy\" decoding=\"async\" width=\"800\" height=\"600\" src=\"https:\/\/mariangorynia.pl\/wp-content\/uploads\/janskie-laznie20.jpg\" alt=\"\" data-id=\"7200\" data-link=\"https:\/\/mariangorynia.pl\/?attachment_id=7200\" class=\"wp-image-7200\" srcset=\"https:\/\/mariangorynia.pl\/wp-content\/uploads\/janskie-laznie20.jpg 800w, https:\/\/mariangorynia.pl\/wp-content\/uploads\/janskie-laznie20-300x225.jpg 300w, https:\/\/mariangorynia.pl\/wp-content\/uploads\/janskie-laznie20-768x576.jpg 768w, https:\/\/mariangorynia.pl\/wp-content\/uploads\/janskie-laznie20-360x270.jpg 360w\" sizes=\"(max-width: 800px) 100vw, 800px\" \/><\/figure><\/li><li class=\"blocks-gallery-item\"><figure><img loading=\"lazy\" decoding=\"async\" width=\"800\" height=\"600\" src=\"https:\/\/mariangorynia.pl\/wp-content\/uploads\/janskie-laznie19.jpg\" alt=\"\" data-id=\"7201\" data-link=\"https:\/\/mariangorynia.pl\/?attachment_id=7201\" class=\"wp-image-7201\" srcset=\"https:\/\/mariangorynia.pl\/wp-content\/uploads\/janskie-laznie19.jpg 800w, https:\/\/mariangorynia.pl\/wp-content\/uploads\/janskie-laznie19-300x225.jpg 300w, https:\/\/mariangorynia.pl\/wp-content\/uploads\/janskie-laznie19-768x576.jpg 768w, https:\/\/mariangorynia.pl\/wp-content\/uploads\/janskie-laznie19-360x270.jpg 360w\" sizes=\"(max-width: 800px) 100vw, 800px\" \/><\/figure><\/li><li class=\"blocks-gallery-item\"><figure><img loading=\"lazy\" decoding=\"async\" width=\"800\" height=\"600\" src=\"https:\/\/mariangorynia.pl\/wp-content\/uploads\/janskie-laznie18.jpg\" alt=\"\" data-id=\"7202\" data-link=\"https:\/\/mariangorynia.pl\/?attachment_id=7202\" class=\"wp-image-7202\" srcset=\"https:\/\/mariangorynia.pl\/wp-content\/uploads\/janskie-laznie18.jpg 800w, https:\/\/mariangorynia.pl\/wp-content\/uploads\/janskie-laznie18-300x225.jpg 300w, https:\/\/mariangorynia.pl\/wp-content\/uploads\/janskie-laznie18-768x576.jpg 768w, https:\/\/mariangorynia.pl\/wp-content\/uploads\/janskie-laznie18-360x270.jpg 360w\" sizes=\"(max-width: 800px) 100vw, 800px\" \/><\/figure><\/li><li class=\"blocks-gallery-item\"><figure><img loading=\"lazy\" decoding=\"async\" width=\"800\" height=\"600\" src=\"https:\/\/mariangorynia.pl\/wp-content\/uploads\/janskie-laznie17.jpg\" alt=\"\" data-id=\"7203\" data-link=\"https:\/\/mariangorynia.pl\/?attachment_id=7203\" class=\"wp-image-7203\" srcset=\"https:\/\/mariangorynia.pl\/wp-content\/uploads\/janskie-laznie17.jpg 800w, https:\/\/mariangorynia.pl\/wp-content\/uploads\/janskie-laznie17-300x225.jpg 300w, https:\/\/mariangorynia.pl\/wp-content\/uploads\/janskie-laznie17-768x576.jpg 768w, https:\/\/mariangorynia.pl\/wp-content\/uploads\/janskie-laznie17-360x270.jpg 360w\" sizes=\"(max-width: 800px) 100vw, 800px\" \/><\/figure><\/li><li class=\"blocks-gallery-item\"><figure><img loading=\"lazy\" decoding=\"async\" width=\"800\" height=\"600\" src=\"https:\/\/mariangorynia.pl\/wp-content\/uploads\/janskie-laznie16.jpg\" alt=\"\" data-id=\"7204\" data-link=\"https:\/\/mariangorynia.pl\/?attachment_id=7204\" class=\"wp-image-7204\" srcset=\"https:\/\/mariangorynia.pl\/wp-content\/uploads\/janskie-laznie16.jpg 800w, https:\/\/mariangorynia.pl\/wp-content\/uploads\/janskie-laznie16-300x225.jpg 300w, https:\/\/mariangorynia.pl\/wp-content\/uploads\/janskie-laznie16-768x576.jpg 768w, https:\/\/mariangorynia.pl\/wp-content\/uploads\/janskie-laznie16-360x270.jpg 360w\" sizes=\"(max-width: 800px) 100vw, 800px\" \/><\/figure><\/li><li class=\"blocks-gallery-item\"><figure><img loading=\"lazy\" decoding=\"async\" width=\"800\" height=\"600\" src=\"https:\/\/mariangorynia.pl\/wp-content\/uploads\/janskie-laznie15.jpg\" alt=\"\" data-id=\"7205\" data-link=\"https:\/\/mariangorynia.pl\/?attachment_id=7205\" class=\"wp-image-7205\" srcset=\"https:\/\/mariangorynia.pl\/wp-content\/uploads\/janskie-laznie15.jpg 800w, https:\/\/mariangorynia.pl\/wp-content\/uploads\/janskie-laznie15-300x225.jpg 300w, https:\/\/mariangorynia.pl\/wp-content\/uploads\/janskie-laznie15-768x576.jpg 768w, https:\/\/mariangorynia.pl\/wp-content\/uploads\/janskie-laznie15-360x270.jpg 360w\" sizes=\"(max-width: 800px) 100vw, 800px\" \/><\/figure><\/li><li class=\"blocks-gallery-item\"><figure><img loading=\"lazy\" decoding=\"async\" width=\"800\" height=\"600\" src=\"https:\/\/mariangorynia.pl\/wp-content\/uploads\/janskie-laznie14.jpg\" alt=\"\" data-id=\"7206\" data-link=\"https:\/\/mariangorynia.pl\/?attachment_id=7206\" class=\"wp-image-7206\" srcset=\"https:\/\/mariangorynia.pl\/wp-content\/uploads\/janskie-laznie14.jpg 800w, https:\/\/mariangorynia.pl\/wp-content\/uploads\/janskie-laznie14-300x225.jpg 300w, https:\/\/mariangorynia.pl\/wp-content\/uploads\/janskie-laznie14-768x576.jpg 768w, https:\/\/mariangorynia.pl\/wp-content\/uploads\/janskie-laznie14-360x270.jpg 360w\" sizes=\"(max-width: 800px) 100vw, 800px\" \/><\/figure><\/li><li class=\"blocks-gallery-item\"><figure><img loading=\"lazy\" decoding=\"async\" width=\"800\" height=\"600\" src=\"https:\/\/mariangorynia.pl\/wp-content\/uploads\/janskie-laznie13.jpg\" alt=\"\" data-id=\"7207\" data-link=\"https:\/\/mariangorynia.pl\/?attachment_id=7207\" class=\"wp-image-7207\" srcset=\"https:\/\/mariangorynia.pl\/wp-content\/uploads\/janskie-laznie13.jpg 800w, https:\/\/mariangorynia.pl\/wp-content\/uploads\/janskie-laznie13-300x225.jpg 300w, https:\/\/mariangorynia.pl\/wp-content\/uploads\/janskie-laznie13-768x576.jpg 768w, https:\/\/mariangorynia.pl\/wp-content\/uploads\/janskie-laznie13-360x270.jpg 360w\" sizes=\"(max-width: 800px) 100vw, 800px\" \/><\/figure><\/li><li class=\"blocks-gallery-item\"><figure><img loading=\"lazy\" decoding=\"async\" width=\"800\" height=\"600\" src=\"https:\/\/mariangorynia.pl\/wp-content\/uploads\/janskie-laznie11.jpg\" alt=\"\" data-id=\"7208\" data-link=\"https:\/\/mariangorynia.pl\/?attachment_id=7208\" class=\"wp-image-7208\" srcset=\"https:\/\/mariangorynia.pl\/wp-content\/uploads\/janskie-laznie11.jpg 800w, https:\/\/mariangorynia.pl\/wp-content\/uploads\/janskie-laznie11-300x225.jpg 300w, https:\/\/mariangorynia.pl\/wp-content\/uploads\/janskie-laznie11-768x576.jpg 768w, https:\/\/mariangorynia.pl\/wp-content\/uploads\/janskie-laznie11-360x270.jpg 360w\" sizes=\"(max-width: 800px) 100vw, 800px\" \/><\/figure><\/li><li class=\"blocks-gallery-item\"><figure><img loading=\"lazy\" decoding=\"async\" width=\"800\" height=\"600\" src=\"https:\/\/mariangorynia.pl\/wp-content\/uploads\/janskie-laznie10.jpg\" alt=\"\" data-id=\"7209\" data-link=\"https:\/\/mariangorynia.pl\/?attachment_id=7209\" class=\"wp-image-7209\" srcset=\"https:\/\/mariangorynia.pl\/wp-content\/uploads\/janskie-laznie10.jpg 800w, https:\/\/mariangorynia.pl\/wp-content\/uploads\/janskie-laznie10-300x225.jpg 300w, https:\/\/mariangorynia.pl\/wp-content\/uploads\/janskie-laznie10-768x576.jpg 768w, https:\/\/mariangorynia.pl\/wp-content\/uploads\/janskie-laznie10-360x270.jpg 360w\" sizes=\"(max-width: 800px) 100vw, 800px\" \/><\/figure><\/li><li class=\"blocks-gallery-item\"><figure><img loading=\"lazy\" decoding=\"async\" width=\"800\" height=\"600\" src=\"https:\/\/mariangorynia.pl\/wp-content\/uploads\/janskie-laznie09.jpg\" alt=\"\" data-id=\"7210\" data-link=\"https:\/\/mariangorynia.pl\/?attachment_id=7210\" class=\"wp-image-7210\" srcset=\"https:\/\/mariangorynia.pl\/wp-content\/uploads\/janskie-laznie09.jpg 800w, https:\/\/mariangorynia.pl\/wp-content\/uploads\/janskie-laznie09-300x225.jpg 300w, https:\/\/mariangorynia.pl\/wp-content\/uploads\/janskie-laznie09-768x576.jpg 768w, https:\/\/mariangorynia.pl\/wp-content\/uploads\/janskie-laznie09-360x270.jpg 360w\" sizes=\"(max-width: 800px) 100vw, 800px\" \/><\/figure><\/li><li class=\"blocks-gallery-item\"><figure><img loading=\"lazy\" decoding=\"async\" width=\"800\" height=\"600\" src=\"https:\/\/mariangorynia.pl\/wp-content\/uploads\/janskie-laznie08.jpg\" alt=\"\" data-id=\"7211\" data-link=\"https:\/\/mariangorynia.pl\/?attachment_id=7211\" class=\"wp-image-7211\" srcset=\"https:\/\/mariangorynia.pl\/wp-content\/uploads\/janskie-laznie08.jpg 800w, https:\/\/mariangorynia.pl\/wp-content\/uploads\/janskie-laznie08-300x225.jpg 300w, https:\/\/mariangorynia.pl\/wp-content\/uploads\/janskie-laznie08-768x576.jpg 768w, https:\/\/mariangorynia.pl\/wp-content\/uploads\/janskie-laznie08-360x270.jpg 360w\" sizes=\"(max-width: 800px) 100vw, 800px\" \/><\/figure><\/li><li class=\"blocks-gallery-item\"><figure><img loading=\"lazy\" decoding=\"async\" width=\"800\" height=\"600\" src=\"https:\/\/mariangorynia.pl\/wp-content\/uploads\/janskie-laznie07.jpg\" alt=\"\" data-id=\"7212\" data-link=\"https:\/\/mariangorynia.pl\/?attachment_id=7212\" class=\"wp-image-7212\" srcset=\"https:\/\/mariangorynia.pl\/wp-content\/uploads\/janskie-laznie07.jpg 800w, https:\/\/mariangorynia.pl\/wp-content\/uploads\/janskie-laznie07-300x225.jpg 300w, https:\/\/mariangorynia.pl\/wp-content\/uploads\/janskie-laznie07-768x576.jpg 768w, https:\/\/mariangorynia.pl\/wp-content\/uploads\/janskie-laznie07-360x270.jpg 360w\" sizes=\"(max-width: 800px) 100vw, 800px\" \/><\/figure><\/li><li class=\"blocks-gallery-item\"><figure><img loading=\"lazy\" decoding=\"async\" width=\"800\" height=\"600\" src=\"https:\/\/mariangorynia.pl\/wp-content\/uploads\/janskie-laznie06.jpg\" alt=\"\" data-id=\"7213\" data-link=\"https:\/\/mariangorynia.pl\/?attachment_id=7213\" class=\"wp-image-7213\" srcset=\"https:\/\/mariangorynia.pl\/wp-content\/uploads\/janskie-laznie06.jpg 800w, https:\/\/mariangorynia.pl\/wp-content\/uploads\/janskie-laznie06-300x225.jpg 300w, https:\/\/mariangorynia.pl\/wp-content\/uploads\/janskie-laznie06-768x576.jpg 768w, https:\/\/mariangorynia.pl\/wp-content\/uploads\/janskie-laznie06-360x270.jpg 360w\" sizes=\"(max-width: 800px) 100vw, 800px\" \/><\/figure><\/li><li class=\"blocks-gallery-item\"><figure><img loading=\"lazy\" decoding=\"async\" width=\"800\" height=\"600\" src=\"https:\/\/mariangorynia.pl\/wp-content\/uploads\/janskie-laznie05.jpg\" alt=\"\" data-id=\"7214\" data-link=\"https:\/\/mariangorynia.pl\/?attachment_id=7214\" class=\"wp-image-7214\" srcset=\"https:\/\/mariangorynia.pl\/wp-content\/uploads\/janskie-laznie05.jpg 800w, https:\/\/mariangorynia.pl\/wp-content\/uploads\/janskie-laznie05-300x225.jpg 300w, https:\/\/mariangorynia.pl\/wp-content\/uploads\/janskie-laznie05-768x576.jpg 768w, https:\/\/mariangorynia.pl\/wp-content\/uploads\/janskie-laznie05-360x270.jpg 360w\" sizes=\"(max-width: 800px) 100vw, 800px\" \/><\/figure><\/li><li class=\"blocks-gallery-item\"><figure><img loading=\"lazy\" decoding=\"async\" width=\"800\" height=\"600\" src=\"https:\/\/mariangorynia.pl\/wp-content\/uploads\/janskie-laznie02.jpg\" alt=\"\" data-id=\"7215\" data-link=\"https:\/\/mariangorynia.pl\/?attachment_id=7215\" class=\"wp-image-7215\" srcset=\"https:\/\/mariangorynia.pl\/wp-content\/uploads\/janskie-laznie02.jpg 800w, https:\/\/mariangorynia.pl\/wp-content\/uploads\/janskie-laznie02-300x225.jpg 300w, https:\/\/mariangorynia.pl\/wp-content\/uploads\/janskie-laznie02-768x576.jpg 768w, https:\/\/mariangorynia.pl\/wp-content\/uploads\/janskie-laznie02-360x270.jpg 360w\" sizes=\"(max-width: 800px) 100vw, 800px\" \/><\/figure><\/li><\/ul>\n","protected":false},"excerpt":{"rendered":"","protected":false},"author":1,"featured_media":0,"parent":0,"menu_order":0,"comment_status":"closed","ping_status":"closed","template":"","meta":{"footnotes":""},"class_list":["post-7199","page","type-page","status-publish","hentry"],"_links":{"self":[{"href":"https:\/\/mariangorynia.pl\/index.php?rest_route=\/wp\/v2\/pages\/7199"}],"collection":[{"href":"https:\/\/mariangorynia.pl\/index.php?rest_route=\/wp\/v2\/pages"}],"about":[{"href":"https:\/\/mariangorynia.pl\/index.php?rest_route=\/wp\/v2\/types\/page"}],"author":[{"embeddable":true,"href":"https:\/\/mariangorynia.pl\/index.php?rest_route=\/wp\/v2\/users\/1"}],"replies":[{"embeddable":true,"href":"https:\/\/mariangorynia.pl\/index.php?rest_route=%2Fwp%2Fv2%2Fcomments&post=7199"}],"version-history":[{"count":1,"href":"https:\/\/mariangorynia.pl\/index.php?rest_route=\/wp\/v2\/pages\/7199\/revisions"}],"predecessor-version":[{"id":7216,"href":"https:\/\/mariangorynia.pl\/index.php?rest_route=\/wp\/v2\/pages\/7199\/revisions\/7216"}],"wp:attachment":[{"href":"https:\/\/mariangorynia.pl\/index.php?rest_route=%2Fwp%2Fv2%2Fmedia&parent=7199"}],"curies":[{"name":"wp","href":"https:\/\/api.w.org\/{rel}","templated":true}]}}