{"id":8611,"date":"2025-01-06T14:45:32","date_gmt":"2025-01-06T13:45:32","guid":{"rendered":"https:\/\/mariangorynia.pl\/?page_id=8611"},"modified":"2026-02-25T08:11:32","modified_gmt":"2026-02-25T07:11:32","slug":"wywiady-i-rozmowy","status":"publish","type":"page","link":"https:\/\/mariangorynia.pl\/?page_id=8611","title":{"rendered":"Wywiady i rozmowy"},"content":{"rendered":"\n<ul span style=\"color: black\"><li>Gorynia M., Szwarczy\u0144ski W., <em>11 refleksji na kanwie XI Kongresu Ekonomist\u00f3w Polskich z perspektywy organizatora i wspieraj\u0105cego wsp\u00f3\u0142uczestnika,<\/em>, rozm. przepr. Maciej Ma\u0142ek, &#8222;Eurogospodarka&#8221;, 2026, nr 3, s. 8-17. <strong><a href=\"https:\/\/mariangorynia.pl\/wp-content\/uploads\/Gorynia_Szwarczynski_wywiad_Eurogospodarka_3_2026.pdf\"><span style=\"color: blue\">[pobierz]<\/a><\/strong><\/li><li><em>Seniorzy s\u0105 najmniej biegli w ekonomii. Prof. Marian Gorynia: &#8222;Uwa\u017caj\u0105, \u017ce pa\u0144stwo powinno broni\u0107 ich interes\u00f3w&#8221;<\/em>, rozm. przepr. Pawe\u0142 Antuchowski, &#8222;G\u0142os Wielkopolski&#8221; z dn. 4.12.2025, <strong><a href=\"https:\/\/mariangorynia.pl\/wp-content\/uploads\/Glos_Wlkp_4.12.2025_wywiad.pdf\"><span style=\"color: blue\">[pobierz]<\/a><\/strong><\/li><li><em>Hej Pozna\u0144 &#8211; 1.12.2025 &#8211; Grudzie\u0144 start! \u015awi\u0105teczny odcinek pe\u0142en go\u015bci,<\/em>, rozm. przepr. Piotr Szulc, program Codzienny Pozna\u0144, 1.12.2025. <strong><a href=\"https:\/\/www.youtube.com\/live\/DZ_1VF1nCGs?t=5904s\"><span style=\"color: blue\">[link do YouTube]<\/a><\/strong><\/li><li><em>Sformatujmy oczekiwania wobec ekonomii,<\/em>, rozm. przepr. Maciej Ma\u0142ek, &#8222;Eurogospodarka&#8221;, 2025, nr 12, s. 8-18. <strong><a href=\"https:\/\/mariangorynia.pl\/wp-content\/uploads\/Malek_Gorynia_wywiad_eurogospodarka_12_2025-compressed.pdf\"><span style=\"color: blue\">[pobierz]<\/a><\/strong><\/li><li><em>Mi\u0119dzy Scyll\u0105 globalizacji a Charybd\u0105 gospodarki umiaru kszta\u0142tuje si\u0119 nowe oblicze \u015bwiatowej ekonomiki.<\/em>, rozm. przepr. Maciej Ma\u0142ek, &#8222;Eurogospodarka&#8221;, 2025, nr 6, s. 8-18 <strong><a href=\"https:\/\/mariangorynia.pl\/wp-content\/uploads\/Budner_Gorynia_WYWIAD_Eurogospodarka_06_2025-1.pdf\"><span style=\"color: blue\">[pobierz]<\/a><\/strong><\/li><li><em>\u201eZ natury rzeczy, przysz\u0142o\u015b\u0107, tak\u017ce gospodarcza, to wielka niewiadoma\u201d<\/em>, rozm. przepr. Maciej Ma\u0142ek, &#8222;Eurogospodarka&#8221;, 2025, nr 4, s. 8-15 <strong><a href=\"https:\/\/mariangorynia.pl\/wp-content\/uploads\/Gorynia_wywiad_eurogospodarka_04_2025-1.pdf\"><span style=\"color: blue\">[pobierz]<\/a><\/strong><\/li><li><em>Historia pasj\u0105 pisana<\/em>, rozm. przepr. Maciej Ma\u0142ek, &#8222;Eurogospodarka&#8221;, 2024, nr 9, s. 8-13 <strong><a href=\"https:\/\/mariangorynia.pl\/wp-content\/uploads\/Gorynia_M_wywiad_Historia_pasja_pisania_Eurogospodarka_25.08.24-1-1-1.pdf\"><span style=\"color: blue\">[pobierz]<\/a><\/strong><\/li><li><em>Polskie Towarzystwo Ekonomiczne. Studenci w jednym rz\u0119dzie z profesorami. Licz\u0105 si\u0119 zainteresowania<\/em>, rozm. przepr. Martyna Ko\u015bka, &#8222;Wprost&#8221; z dn. 15.07.2024, s. 413-426,<a href=\"https:\/\/www.wprost.pl\/nauka-sladami-kopernika\/11748940\/polskie-towarzystwo-ekonomiczne-studenci-w-jednym-rzedzie-z-profesorami-licza-sie-zainteresowania.html\"><strong><span style=\"color: blue\">[czytaj wi\u0119cej na stronie wprost.pl]<\/strong><\/a> <a href=\"https:\/\/mariangorynia.pl\/wp-content\/uploads\/20240714_Gorynia_WYWIAD_WPROST_PTE-1.pdf\"><strong><span style=\"color: blue\">[pobierz]<\/strong><\/a><\/li><li><em>Umiar nieunikniony<\/em>, rozm. przepr. Krzysztof Grad, &#8222;Miesi\u0119cznik Finansowy BANK&#8221;, 2023, nr 6, s. 16-19,<a href=\"https:\/\/bank.pl\/bankowosc-i-finanse-gospodarka-umiar-nieunikniony\/\"><strong><span style=\"color: blue\">[czytaj wi\u0119cej na stronie aleBank.pl]<\/strong><\/a> <a href=\"https:\/\/mariangorynia.pl\/wp-content\/uploads\/Gorynia_M_wywiad_BANK_06_2023.pdf\"><strong><span style=\"color: blue\">[pobierz]<\/strong><\/a><\/li><li><em>Trzeba zrobi\u0107 wszystko, by opanowa\u0107 inflacj\u0119<\/em> rozm. przepr. Karol M\u00f3rawski, &#8222;Miesi\u0119cznik Finansowy BANK&#8221;, 2023, nr 2, s. 10-13 <strong><a href=\"https:\/\/mariangorynia.pl\/wp-content\/uploads\/Prof-Gorynia_BANK_02_2023.pdf\"><span style=\"color: blue\">[pobierz]<\/a><\/strong><\/li><li>Rozmowa dla Obserwatora Gospodarczego nt.: <em>&#8222;Odbudowa Ukrainy b\u0119dzie kosztowa\u0107 setki miliard\u00f3w dolar\u00f3w&#8221; (18.11.2022)<\/em>, <a href=\"https:\/\/mariangorynia.pl\/wp-content\/uploads\/Gorynia_wywiad_obserwator_gospodarczy_listopad_2022.pdf\"><strong><span style=\"color: blue\">[pobierz]<\/strong><\/a><\/li><li>Rozmowa dla Obserwatora Gospodarczego nt.: <em>&#8222;Plan Marshalla dla Ukrainy powinien by\u0107 poprzedzony umorzeniem d\u0142ug\u00f3w&#8221; (17.11.2022)<\/em>, <a href=\"https:\/\/mariangorynia.pl\/wp-content\/uploads\/Gorynia_wywiad_obserwator_gospodarczy_listopad_2022-1.pdf\"><strong><span style=\"color: blue\">[pobierz]<\/strong><\/a><\/li>\n<li>Marian Gorynia, Waldemar Szwarczy\u0144ski, <em>Edukacja, g\u0142upcze!<\/em> &#8222;Eurogospodarka&#8221;, 2022, nr 11, s. 44-50 <strong><a href=\"https:\/\/mariangorynia.pl\/wp-content\/uploads\/Szwarczynski_Gorynia_WYWIAD_edukacja_glupcze_eurogospodarka_2022.pdf\"><span style=\"color: blue\">[pobierz]<\/a><\/strong><\/li><li>Marian Gorynia, Waldemar Szwarczy\u0144ski, <em>O gospodarce i nie tylko&#8230;<\/em> &#8222;Eurogospodarka&#8221;, 2022, nr 9, s. 8-13 <strong><a href=\"https:\/\/mariangorynia.pl\/wp-content\/uploads\/Gorynia_wywiad_eurogospodarka_9_2022.pdf\"><span style=\"color: blue\">[pobierz]<\/a><\/strong><\/li><li><em>Ta wojna zmieni dotychczasowe relacje gospodarcze<\/em> rozm. przepr. Maciej Ma\u0142ek, &#8222;Miesi\u0119cznik Finansowy BANK&#8221;, 2022, nr 4, s. 16-19 <strong><a href=\"https:\/\/mariangorynia.pl\/wp-content\/uploads\/Gorynia_WYW_Ta_wojna_zmieni_BANK_2022_16-19.pdf\"><span style=\"color: blue\">[pobierz]<\/a><\/strong><\/li><li><em>Rosja zabezpieczy\u0142a si\u0119 na sankcje Zachodu<\/em> rozm. przepr. Emilia Bromber, &#8222;G\u0142os Wielkopolski&#8221;, 2022, nr 47, s. 2 <strong><a href=\"https:\/\/mariangorynia.pl\/wp-content\/uploads\/Gorynia_WYWIAD_Rosja_zabezpieczyla_Glos_Wlkp_2022.pdf\"><span style=\"color: blue\">[pobierz]<\/a><\/strong><\/li><li><em>Zdrowy egoizm wymaga wzrostu po\u0142\u0105czonego z szacunkiem dla przyrody,<\/em> rozm. przepr. Krzysztof Ulanowski, &#8222;Sucholeski.EU&#8221;, 2022, nr 2, s. 8 <strong><a href=\"https:\/\/mariangorynia.pl\/wp-content\/uploads\/Gorynia_wywiad_Zdrowy_egoizm_sucholeski.eu_2022.pdf\"><span style=\"color: blue\">[pobierz]<\/a><\/strong><\/li><li><em>R\u00f3wnie wa\u017cna jak stopy, jest komunikacja,<\/em> rozm. przepr. Monika Kaczy\u0144ska, &#8222;G\u0142os Wielkopolski&#8221;, 2022, z dn. 08.02.2022 r., s. 2 <strong><a href=\"https:\/\/mariangorynia.pl\/wp-content\/uploads\/Gorynia_wywiad_Rownie_wazna_Glos_Wlkp_8.02.2022.pdf\"><span style=\"color: blue\">[pobierz]<\/a><\/strong><\/li><li><em>Z\u0142udzenia poprawiaj\u0105 samopoczucie, ale nie s\u0142u\u017c\u0105 gospodarce,<\/em> rozm. przepr. Maciej Ma\u0142ek, &#8222;Bank&#8221;, 2021, s. 22-26 <strong><a href=\"https:\/\/mariangorynia.pl\/wp-content\/uploads\/Gorynia_wywiad_zludzenia_poprawiaja_BANK_2021.pdf\"><span style=\"color: blue\">[pobierz]<\/a><\/strong><\/li><li><em>Nikt nam pieni\u0119dzy nie zrzuca z helikoptera<\/em>, &#8222;Sucholewski Magazyn Mieszka\u0144c\u00f3w Gminy&#8221;, nr 22, 2021, s. 24-25 <strong><a href=\"https:\/\/mariangorynia.pl\/wp-content\/uploads\/Gorynia_Nickel_Ulanowski_wyw_sucholeski_magazyn_2021.pdf\"><span style=\"color: blue\">[pobierz]<\/a><\/strong><\/li><li><em>Handel b\u0119dzie silniejszy od polityki<\/em>, &#8222;Obserwatorfinansowy.pl&#8221;, 13.12.2019, s. 1-6 <strong><a href=\"https:\/\/mariangorynia.pl\/wp-content\/uploads\/Gorynia_M_Obserwator_ekon_WYWIAD_12.2019.pdf\"><span style=\"color: blue\">[pobierz]<\/a><\/strong><\/li><li><em>O EURO merytorycznie, a nie politycznie<\/em>, &#8222;Wiadomo\u015bci Uniwersyteckie&#8221;, 2019, nr 10 (pa\u017adziernik), s. 6 <strong><a href=\"https:\/\/mariangorynia.pl\/wp-content\/uploads\/O_Euro_wywiad_Gorynia_wu-2019-10.pdf\"><span style=\"color: blue\">[pobierz]<\/a><\/strong><\/li><li><em>PKO Pozna\u0144 Maraton to ich bieg<\/em>, bankomania.pkobp.pl, 5 pa\u017adziernika 2016 <strong><a href=\"https:\/\/bankomania.pkobp.pl\/biegajmy-razem\/nasze-biegi\/pko-poznan-maraton-to-ich-bieg\/\"><span style=\"color: blue\"> \n [czytaj wi\u0119cej]<\/a><\/strong><\/li><li><em>Ekonomi\u015bci maj\u0105 schizofreni\u0119<\/em>, G\u0142os Wielkopolski z dn. 29.07.2016 r., <strong><a href=\"https:\/\/mariangorynia.pl\/old\/prasa\/2016-07-29_Glos_Wielkopolski.pdf\"><span style=\"color: blue\"> [pobierz]<\/a><\/strong><\/li><li><em>Wielkopolska solidno\u015b\u0107<\/em>, &#8222;Perspektywy&#8221;, 2016, <strong><a href=\"https:\/\/mariangorynia.pl\/old\/prasa\/Perspektywy_2016.pdf\"><span style=\"color: blue\"> [pobierz]<\/a><\/strong><\/li><li><em>Stawiamy na rozw\u00f3j bada\u0144 naukowych<\/em>, &#8222;Forum Akademickie&#8221; 2016, nr 5, <strong><a href=\"https:\/\/mariangorynia.pl\/old\/prasa\/UEP_wywiad_z_MG_FA_5_2016.pdf\"><span style=\"color: blue\"> [pobierz]<\/a><\/strong><\/li><li><em>Kwestionariusz ekonomisty<\/em>, &#8222;Biuletyn PTE&#8221; 2016, nr 1, <strong><a href=\"https:\/\/mariangorynia.pl\/old\/prasa\/builetyn_1_2016.48-49_Kwestionariusz_ekonomisty.pdf\"><span style=\"color: blue\"> [pobierz]<\/a><\/strong><\/li><li><em>Pik 87-lecia<\/em>, &#8222;Perspektywy&#8221;, 2014, <a href=\"https:\/\/mariangorynia.pl\/old\/prasa\/perspektywy_2014.pdf\"><strong><span style=\"color: blue\"> [pobierz]<\/strong><\/a><\/li><li><em>Rozbiegana ca\u0142a gmina<\/em>, &#8222;Sucholeski Magazyn Mieszka\u0144c\u00f3w Gminy&#8221; 2014, nr 4(27), <strong><a href=\"https:\/\/mariangorynia.pl\/old\/prasa\/SL_2014_04.pdf\"><span style=\"color: blue\"> [pobierz]<\/a><\/strong><\/li><li><em>Do dzi\u015b pami\u0119tam pytania z matury<\/em>, &#8222;Hermes&#8221; z dn. 8.04.2014 r., <strong><a href=\"https:\/\/mariangorynia.pl\/old\/prasa\/Hermes_1.pdf\"><span style=\"color: blue\"> [pobierz]<\/a><\/strong><\/li><li><em>Plebiscyt 25-Lecia: Mam Dawa\u0107 Lajki Czy Hejty?<\/em>, Gazeta Wyborcza z dn. 29.01.2014 r., <strong><a href=\"https:\/\/mariangorynia.pl\/old\/prasa\/20140129_GAZETA_WYBORCZA.pdf\"><span style=\"color: blue\"> [pobierz]<\/a><\/strong><\/li><li><em>Naszymi absolwentami stoj\u0105 firmy z ca\u0142ego kraju<\/em>, G\u0142os Wielkopolski z dn. 15.01.2014 r., <strong><a href=\"https:\/\/mariangorynia.pl\/old\/prasa\/20140115_POLSKA_GLOS_WIELKOPOLSKI.pdf\"><span style=\"color: blue\"> [pobierz]<\/a><\/strong><\/li><li><em>To si\u0119 sta\u0142o spontanicznie<\/em>, &#8222;Akademicki Przegl\u0105d Sportowy&#8221;, lipiec 2013 r., <strong><a href=\"https:\/\/mariangorynia.pl\/wp-content\/uploads\/Gorynia_wywiad_to_sie_stalo_spontan_APS_2013.pdf\"><span style=\"color: blue\"> [pobierz]<\/a><\/strong><\/li><li><em>Kredyty trzeba sp\u0142aca\u0107<\/em>, &#8222;Sucholeski Magazyn Mieszka\u0144c\u00f3w Gminy&#8221; 2013, nr 5(16), <strong><a href=\"https:\/\/mariangorynia.pl\/old\/prasa\/kredyty-trzeba-splacac.pdf\"><span style=\"color: blue\"> [pobierz]<\/a><\/strong><\/li><li><em>Polski model konkurencyjno\u015bci<\/em>, &#8222;Instytut Idei&#8221; 2013, nr 2, <strong><a href=\"https:\/\/mariangorynia.pl\/wp-content\/uploads\/instytutideii-WIOSNA-web-1.pdf\"><span style=\"color: blue\"> [pobierz]<\/a><\/strong><\/li><li><em>Mamy ofert\u0119 dla proboszcz\u00f3w i stra\u017cak\u00f3w<\/em>, G\u0142os Wielkopolski z dn. 4.04.2012 r., <strong><a href=\"https:\/\/mariangorynia.pl\/old\/prasa\/glos-wlkp-4-04-2012.pdf\"><span style=\"color: blue\"> [pobierz]<\/a><\/strong><\/li><li><em>Reelekcja: ci\u0105g\u0142o\u015b\u0107 zada\u0144<\/em>, &#8222;Merkuriusz Pozna\u0144ski&#8221;, 2012, kwiecie\u0144, <strong><a href=\"https:\/\/mariangorynia.pl\/old\/prasa\/Reelekcja_ci%C4%85g%C5%82o%C5%9B%C4%87-zada%C5%84_Merkuriusz_kwiecie%C5%84_2012.pdf\"><span style=\"color: blue\"> [pobierz]<\/a><\/strong><\/li><li><em>Presti\u017c i renoma!<\/em>, Rzeczpospolita z dn. 31.01.2012 r., <strong><a href=\"https:\/\/mariangorynia.pl\/old\/prasa\/ELT19%20UEwP.pdf\"><span style=\"color: blue\"> [pobierz]<\/a><\/strong><\/li><li><em>Z tradycj\u0105 w przysz\u0142o\u015b\u0107<\/em>, &#8222;Merkuriusz Pozna\u0144ski&#8221;, 2011, pa\u017adziernik <strong><a href=\"https:\/\/mariangorynia.pl\/old\/prasa\/z_tradycja.pdf\"><span style=\"color: blue\"> [pobierz]<\/a><\/strong><\/li><li><em>Realne perspektywy<\/em>, &#8222;Merkuriusz Pozna\u0144ski&#8221;, 2011, luty, <strong><a href=\"https:\/\/mariangorynia.pl\/old\/prasa\/Merkuriusz-UEP_2011.pdf\"><span style=\"color: blue\"> [pobierz]<\/a><\/strong><\/li><li><em>Zobowi\u0105zuje nas presti\u017c<\/em>, &#8222;IKS&#8221;, 2010, listopad, <strong><a href=\"https:\/\/mariangorynia.pl\/old\/prasa\/Zobowi%C4%85zuje%20nas%20presti%C5%BC%20IKS%202010%20listopad.pdf\"><span style=\"color: blue\"> [pobierz]<\/a><\/strong><\/li><li><em>Jaka przysz\u0142o\u015b\u0107 edukacji biznesowej w Polsce?<\/em>, &#8222;Kwartalnik Nauk o Przedsi\u0119biorstwie&#8221; 2010, nr 3, <strong><a href=\"https:\/\/mariangorynia.pl\/old\/prasa\/Kwartalnik%20Nauk%20o%20Przedsi%C4%99biorstwie%202010%20nr%203.pdf\"><span style=\"color: blue\"> [pobierz]<\/a><\/strong><\/li><li><em>Aglomeracja pozna\u0144ska w oczach ekonomisty<\/em>, &#8222;Merkuriusz Polska&#8221; 2010, nr 5-6, <strong><a href=\"https:\/\/mariangorynia.pl\/old\/prasa\/Merkuriusz%20Polska%202010%20nr%205-6.pdf\"><span style=\"color: blue\"> [pobierz]<\/a><\/strong><\/li><li><em>Uniwersytet Ekonomiczny w Poznaniu jest Uczelni\u0105 PRESTI\u017bow\u0105<\/em>, Gazeta Wyborcza z dn. 10.06.2010 r., <strong><a href=\"https:\/\/mariangorynia.pl\/old\/prasa\/UEP_Gazeta_Wyborcza_2010.06,10.pdf\"><span style=\"color: blue\"> [pobierz]<\/a><\/strong><\/li><li><em>Uzdrowi\u0107 finanse publiczne. Zdj\u0105\u0107 nog\u0119 z hamulca<\/em>, &#8222;Merkuriusz Pozna\u0144ski&#8221;, 2010, luty, <strong><a href=\"https:\/\/mariangorynia.pl\/old\/prasa\/Merkuriusz-UE_Pozna%C5%84_luty_2010.pdf\"><span style=\"color: blue\"> [pobierz]<\/a><\/strong><\/li><li><em>Gotowi do EURO?<\/em>, &#8222;CRN Polska&#8221; 2009, nr 24, <strong><a href=\"https:\/\/mariangorynia.pl\/old\/prasa\/euro_wywiad.pdf\"><span style=\"color: blue\"> [pobierz]<\/a><\/strong><\/li><li><em>Rozmowa z profesorem M. Goryni\u0105<\/em>, &#8222;EDUKACJA I DIALOG&#8221; 2008, nr 9, <strong><a href=\"https:\/\/mariangorynia.pl\/old\/prasa\/Rozmowa%20z%20profesorem%20M.%20Goryni%C4%85,%20EDUKACJA%20I%20DIALOG%202_008,%20nr%209,%20wrzesie%C5%84.pdf\"><span style=\"color: blue\"> [pobierz]<\/a><\/strong><\/li><li><em>Wywiad z prof. dr hab. M. Goryni\u0105<\/em>, &#8222;INQBATOR&#8221; 2008, nr 3, <strong><a href=\"https:\/\/mariangorynia.pl\/old\/prasa\/Wywiad%20z%20prof.%20dr%20hab.%20M.%20Goryni%C4%85,%20INQBATOR%202008,%20_nr%203%20(8),%20wrzesie%C5%84.pdf\"><span style=\"color: blue\"> [pobierz]<\/a><\/strong><\/li><li><em>Biznes przyniesie Chinom wolno\u015b\u0107<\/em>, G\u0142os Wielkopolski z dn. 8.08.2008 r., <strong><a href=\"https:\/\/mariangorynia.pl\/wp-content\/uploads\/Gorynia_wyw_Biznes_przyniesie_Chinom_wolnosc_GWlkp_2008.pdf\"><span style=\"color: blue\"> [pobierz]<\/a><\/strong><\/li><li><em>Mi\u0142o\u015b\u0107 z czas\u00f3w szkolnych<\/em>, G\u0142os Wielkopolski z dn. 18.07.2008 r., <strong><a href=\"https:\/\/mariangorynia.pl\/old\/prasa\/Mi%C5%82o%C5%9B%C4%87%20z%20czas%C3%B3w%20szkolnych,%20G%C5%82os%20Wielkopolski%202008,%2018%20lipca.pdf\"><span style=\"color: blue\"> [pobierz]<\/a><\/strong><\/li><li><em>Uczelnia z kapita\u0142em, <\/em>&#8222;Merkuriusz Pozna\u0144ski&#8221; 2008, luty, <strong><a href=\"https:\/\/mariangorynia.pl\/old\/prasa\/merkuriusz_poznanski_250208.pdf\"><span style=\"color: blue\"> [pobierz]<\/a><\/strong><\/li><li><em>System Moodle w Akademii Ekonomicznej w Poznaniu<\/em> &#8211; &#8222;AE News&#8221; 2007, pa\u017adziernik-listopad, <strong><a href=\"https:\/\/mariangorynia.pl\/old\/prasa\/moodle_marian_gorynia-wywiad.pdf\"><span style=\"color: blue\"> [pobierz]<\/a><\/strong><\/li><li><em>Zagraniczni inwestorzy wymagaj\u0105<\/em>, G\u0142os Wielkopolski z dn. 25.07.2007 r., <strong><a href=\"https:\/\/mariangorynia.pl\/old\/prasa\/Zagraniczni%20inwestorzy%20wymagaj%C4%85,%20G%C5%82os%20Wielkopolski%202007,%2025%20lipca.pdf\"><span style=\"color: blue\"> [pobierz]<\/a><\/strong><\/li><li><em>Niewa\u017cne jaki jest kot<\/em>, Gazeta Pozna\u0144ska z dn. 12-13.02.2005 r., <strong><a href=\"https:\/\/mariangorynia.pl\/old\/prasa\/Niewa%C5%BCne%20jaki%20jest%20kot,%20Gazeta%20Pozna%C5%84ska%202005,%2012-13%20lutego.pdf\"><span style=\"color: blue\"> [pobierz]<\/a><\/strong><\/li><\/ul>\n","protected":false},"excerpt":{"rendered":"<p>Gorynia M., Szwarczy\u0144ski W., 11 refleksji na kanwie XI Kongresu Ekonomist\u00f3w Polskich z perspektywy organizatora i wspieraj\u0105cego wsp\u00f3\u0142uczestnika,, rozm. przepr. Maciej Ma\u0142ek, &#8222;Eurogospodarka&#8221;, 2026, nr 3, s. 8-17. [pobierz] Seniorzy s\u0105 najmniej biegli w ekonomii. Prof. Marian Gorynia: &#8222;Uwa\u017caj\u0105, \u017ce&hellip;&nbsp;<a href=\"https:\/\/mariangorynia.pl\/?page_id=8611\" class=\"more-link\">Read More<\/a><\/p>\n","protected":false},"author":1,"featured_media":0,"parent":0,"menu_order":0,"comment_status":"closed","ping_status":"closed","template":"","meta":{"footnotes":""},"class_list":["post-8611","page","type-page","status-publish","hentry"],"_links":{"self":[{"href":"https:\/\/mariangorynia.pl\/index.php?rest_route=\/wp\/v2\/pages\/8611"}],"collection":[{"href":"https:\/\/mariangorynia.pl\/index.php?rest_route=\/wp\/v2\/pages"}],"about":[{"href":"https:\/\/mariangorynia.pl\/index.php?rest_route=\/wp\/v2\/types\/page"}],"author":[{"embeddable":true,"href":"https:\/\/mariangorynia.pl\/index.php?rest_route=\/wp\/v2\/users\/1"}],"replies":[{"embeddable":true,"href":"https:\/\/mariangorynia.pl\/index.php?rest_route=%2Fwp%2Fv2%2Fcomments&post=8611"}],"version-history":[{"count":7,"href":"https:\/\/mariangorynia.pl\/index.php?rest_route=\/wp\/v2\/pages\/8611\/revisions"}],"predecessor-version":[{"id":9207,"href":"https:\/\/mariangorynia.pl\/index.php?rest_route=\/wp\/v2\/pages\/8611\/revisions\/9207"}],"wp:attachment":[{"href":"https:\/\/mariangorynia.pl\/index.php?rest_route=%2Fwp%2Fv2%2Fmedia&parent=8611"}],"curies":[{"name":"wp","href":"https:\/\/api.w.org\/{rel}","templated":true}]}}